{"id":6794,"date":"2021-05-10T18:39:48","date_gmt":"2021-05-10T17:39:48","guid":{"rendered":"https:\/\/www.prairiewind.ch\/newone\/?post_type=product&#038;p=6794"},"modified":"2025-07-15T21:20:40","modified_gmt":"2025-07-15T19:20:40","slug":"nick-rosetta-kewa-holzanhaenger","status":"publish","type":"product","link":"https:\/\/www.prairiewind.ch\/newone\/produkt\/nick-rosetta-kewa-holzanhaenger\/","title":{"rendered":"Nick Rosetta (Kewa) &#8211; schachtelf\u00f6rmiger Anh\u00e4nger"},"content":{"rendered":"<p>Dieser besondere Anh\u00e4nger von Nick <a href=\"https:\/\/www.prairiewind.ch\/newone\/produkt\/cheryl-beyuka-zuni-libellen-anhaenger\/\">Rosetta<\/a>, einem K\u00fcnstler der Kewa Pueblo, vereint traditionelle indigene Handwerkskunst der USA mit einer modernen \u00c4sthetik. Der viereckige Anh\u00e4nger in Schachtelform ist aus Holz gefertigt und besticht durch ein aufw\u00e4ndiges Schachmuster in Mosaik-Inlay-Technik. Die verwendeten Materialien, wie Pipestone, Jaspis und Muschel, haben in der Kunst der amerikanischen Ureinwohner tiefe spirituelle und kulturelle Bedeutungen.<\/p>\n<ul>\n<li><strong>Pipestone<\/strong>: Ein bedeutendes Material f\u00fcr viele indigene V\u00f6lker Nordamerikas, oft verwendet f\u00fcr Zeremonialgegenst\u00e4nde. <a href=\"https:\/\/www.prairiewind.ch\/newone\/produkt\/amelia-cordell-dakota-grosser-traumfaenger-mit-pferdehaar\/\"  data-wpil-monitor-id=\"1172\">Es symbolisiert Frieden und Heiligkeit<\/a>.<\/li>\n<li><strong>Jaspis<\/strong>: Ein kraftvoller Stein, <a href=\"https:\/\/www.prairiewind.ch\/newone\/produkt\/betty-rodriguez-kewa-gestreifte-halskette\/\"  data-wpil-monitor-id=\"910\">der als Schutzstein und f\u00fcr die F\u00f6rderung<\/a> von Mut und Ausdauer angesehen wird.<\/li>\n<li><strong>Muschel<\/strong>: Wird h\u00e4ufig in <a href=\"https:\/\/www.prairiewind.ch\/newone\/schmuckstile-indianer\/\"  data-wpil-monitor-id=\"644\">Schmuckstile Guide<\/a> und Kunst verwendet, da es die Verbindung zur Natur und den Elementen symbolisiert.<\/li>\n<\/ul>\n<p>Mit einer Breite von 1,8 cm und einer H\u00f6he von 1,1 cm ist dieses Schmuckst\u00fcck nicht nur ein Ausdruck meisterlicher Handwerkskunst, sondern auch ein St\u00fcck kulturellen Erbes, das die Traditionen der <a href=\"https:\/\/www.prairiewind.ch\/newone\/produkt\/aaron-brokeshoulder-shawnee-choktaw-pueblo\/\" data-wpil-monitor-id=\"337\">Aaron Brokeshoulder (Shawnee-Choctaw-Kewa) 3<\/a> und ihre Verbindung zur Natur ehrt.<\/p>\n<p>&nbsp;<\/p>\n","protected":false},"excerpt":{"rendered":"<p>Viereckiger Holzanh\u00e4nger in Schachtelform mit Schachmuster in Mosaic-Inlay-Technik aus Holz, Pipestone, Jasper und Shell.<\/p>\n<p>Breite: <a href=\"https:\/\/www.prairiewind.ch\/newone\/produkt\/betty-rodriguez-kewa-tuerkis-halskette\/\"  data-wpil-monitor-id=\"1527\">1.8 cm<\/a><br \/>\nH\u00f6he: 1.1 cm<\/p>\n","protected":false},"featured_media":6795,"template":"","meta":{"_uag_custom_page_level_css":"","site-sidebar-layout":"default","site-content-layout":"","ast-site-content-layout":"default","site-content-style":"default","site-sidebar-style":"default","ast-global-header-display":"","ast-banner-title-visibility":"","ast-main-header-display":"","ast-hfb-above-header-display":"","ast-hfb-below-header-display":"","ast-hfb-mobile-header-display":"","site-post-title":"","ast-breadcrumbs-content":"","ast-featured-img":"","footer-sml-layout":"","ast-disable-related-posts":"","theme-transparent-header-meta":"default","adv-header-id-meta":"","stick-header-meta":"","header-above-stick-meta":"","header-main-stick-meta":"","header-below-stick-meta":"","astra-migrate-meta-layouts":"set","ast-page-background-enabled":"default","ast-page-background-meta":{"desktop":{"background-color":"var(--ast-global-color-4)","background-image":"","background-repeat":"repeat","background-position":"center center","background-size":"auto","background-attachment":"scroll","background-type":"","background-media":"","overlay-type":"","overlay-color":"","overlay-opacity":"","overlay-gradient":""},"tablet":{"background-color":"","background-image":"","background-repeat":"repeat","background-position":"center center","background-size":"auto","background-attachment":"scroll","background-type":"","background-media":"","overlay-type":"","overlay-color":"","overlay-opacity":"","overlay-gradient":""},"mobile":{"background-color":"","background-image":"","background-repeat":"repeat","background-position":"center center","background-size":"auto","background-attachment":"scroll","background-type":"","background-media":"","overlay-type":"","overlay-color":"","overlay-opacity":"","overlay-gradient":""}},"ast-content-background-meta":{"desktop":{"background-color":"var(--ast-global-color-5)","background-image":"","background-repeat":"repeat","background-position":"center center","background-size":"auto","background-attachment":"scroll","background-type":"","background-media":"","overlay-type":"","overlay-color":"","overlay-opacity":"","overlay-gradient":""},"tablet":{"background-color":"var(--ast-global-color-5)","background-image":"","background-repeat":"repeat","background-position":"center center","background-size":"auto","background-attachment":"scroll","background-type":"","background-media":"","overlay-type":"","overlay-color":"","overlay-opacity":"","overlay-gradient":""},"mobile":{"background-color":"var(--ast-global-color-5)","background-image":"","background-repeat":"repeat","background-position":"center center","background-size":"auto","background-attachment":"scroll","background-type":"","background-media":"","overlay-type":"","overlay-color":"","overlay-opacity":"","overlay-gradient":""}}},"product_brand":[],"product_cat":[43,50],"product_tag":[857,879,874],"class_list":{"0":"post-6794","1":"product","2":"type-product","3":"status-publish","4":"has-post-thumbnail","6":"product_cat-anhaenger","7":"product_cat-anhaenger-indianer","8":"product_tag-kewa","9":"product_tag-inlay","10":"product_tag-muschel","11":"desktop-align-left","12":"tablet-align-left","13":"mobile-align-left","15":"first","16":"instock","17":"shipping-taxable","18":"purchasable","19":"product-type-simple"},"uagb_featured_image_src":{"full":["https:\/\/www.prairiewind.ch\/newone\/wp-content\/uploads\/2021\/05\/ios-45.webp",1920,1440,false],"thumbnail":["https:\/\/www.prairiewind.ch\/newone\/wp-content\/uploads\/2021\/05\/ios-45-150x150.webp",150,150,true],"medium":["https:\/\/www.prairiewind.ch\/newone\/wp-content\/uploads\/2021\/05\/ios-45-300x225.webp",300,225,true],"medium_large":["https:\/\/www.prairiewind.ch\/newone\/wp-content\/uploads\/2021\/05\/ios-45-768x576.webp",768,576,true],"large":["https:\/\/www.prairiewind.ch\/newone\/wp-content\/uploads\/2021\/05\/ios-45-1024x768.webp",1024,768,true],"1536x1536":["https:\/\/www.prairiewind.ch\/newone\/wp-content\/uploads\/2021\/05\/ios-45-1536x1152.webp",1536,1152,true],"2048x2048":["https:\/\/www.prairiewind.ch\/newone\/wp-content\/uploads\/2021\/05\/ios-45-2048x1536.webp",1920,1440,true],"hero-banner":["https:\/\/www.prairiewind.ch\/newone\/wp-content\/uploads\/2021\/05\/ios-45-450x160.webp",450,160,true],"category-thumb":["https:\/\/www.prairiewind.ch\/newone\/wp-content\/uploads\/2021\/05\/ios-45-200x150.webp",200,150,true],"woocommerce_thumbnail":["https:\/\/www.prairiewind.ch\/newone\/wp-content\/uploads\/2021\/05\/ios-45-188x141.webp",188,141,true],"woocommerce_single":["https:\/\/www.prairiewind.ch\/newone\/wp-content\/uploads\/2021\/05\/ios-45-251x188.webp",251,188,true],"woocommerce_gallery_thumbnail":["https:\/\/www.prairiewind.ch\/newone\/wp-content\/uploads\/2021\/05\/ios-45-100x100.webp",100,100,true]},"uagb_author_info":{"display_name":"Kurt Weissen","author_link":"https:\/\/www.prairiewind.ch\/newone\/author\/"},"uagb_comment_info":0,"uagb_excerpt":"Viereckiger Holzanh\u00e4nger in Schachtelform mit Schachmuster in Mosaic-Inlay-Technik aus Holz, Pipestone, Jasper und Shell. Breite: 1.8 cm H\u00f6he: 1.1 cm","_links":{"self":[{"href":"https:\/\/www.prairiewind.ch\/newone\/wp-json\/wp\/v2\/product\/6794","targetHints":{"allow":["GET"]}}],"collection":[{"href":"https:\/\/www.prairiewind.ch\/newone\/wp-json\/wp\/v2\/product"}],"about":[{"href":"https:\/\/www.prairiewind.ch\/newone\/wp-json\/wp\/v2\/types\/product"}],"version-history":[{"count":0,"href":"https:\/\/www.prairiewind.ch\/newone\/wp-json\/wp\/v2\/product\/6794\/revisions"}],"wp:featuredmedia":[{"embeddable":true,"href":"https:\/\/www.prairiewind.ch\/newone\/wp-json\/wp\/v2\/media\/6795"}],"wp:attachment":[{"href":"https:\/\/www.prairiewind.ch\/newone\/wp-json\/wp\/v2\/media?parent=6794"}],"wp:term":[{"taxonomy":"product_brand","embeddable":true,"href":"https:\/\/www.prairiewind.ch\/newone\/wp-json\/wp\/v2\/product_brand?post=6794"},{"taxonomy":"product_cat","embeddable":true,"href":"https:\/\/www.prairiewind.ch\/newone\/wp-json\/wp\/v2\/product_cat?post=6794"},{"taxonomy":"product_tag","embeddable":true,"href":"https:\/\/www.prairiewind.ch\/newone\/wp-json\/wp\/v2\/product_tag?post=6794"}],"curies":[{"name":"wp","href":"https:\/\/api.w.org\/{rel}","templated":true}]}}