{"id":5827,"date":"2020-12-09T10:19:53","date_gmt":"2020-12-09T09:19:53","guid":{"rendered":"https:\/\/www.prairiewind.ch\/newone\/?post_type=product&#038;p=5827"},"modified":"2024-11-07T10:00:06","modified_gmt":"2024-11-07T09:00:06","slug":"121018-carlton-etsate-zuni-tribal-ride","status":"publish","type":"product","link":"https:\/\/www.prairiewind.ch\/newone\/produkt\/121018-carlton-etsate-zuni-tribal-ride\/","title":{"rendered":"Carlton Etsate (Zuni) &#8211; &#171;Tribal Ride&#187;"},"content":{"rendered":"<p>Das Werk <a href=\"https:\/\/www.prairiewind.ch\/newone\/produkt\/paul-coriz-klammer-tuerkis-inlay\/\"><em>Tribal Ride<\/em> von Carlton Etsate<\/a>, einem Zuni-K\u00fcnstler, ist ein beeindruckendes Beispiel f\u00fcr die handwerkliche Vielfalt und Pr\u00e4zision, die die Zuni-Kultur in der Kunst des Steinmetzens entwickelt hat. Dieses besondere St\u00fcck ist in der Technik des &#171;stone carving&#187; gefertigt und vereint in einem Mosaik-Inlay verschiedene Materialien wie Picasso-Marmor, Jet, T\u00fcrkis und Sterlingsilber.<\/p>\n<p>Mit einer L\u00e4nge von 8,5 cm und einer H\u00f6he von 5 cm ist dieses Auto nicht nur ein Sammlerst\u00fcck, sondern auch ein Symbol f\u00fcr das kulturelle Erbe der Zuni. Die Verwendung von nat\u00fcrlichen Materialien in Kombination mit traditionellem Handwerk verleiht dem Werk eine besondere Ausdruckskraft und Authentizit\u00e4t.<\/p>\n<p>Werke wie <em>Tribal Ride<\/em> erinnern an die Feinheit und Sorgfalt, <a href=\"https:\/\/www.prairiewind.ch\/newone\/produkt\/elenor-brown-navajo-traditioneller-teppich\/\" data-wpil-monitor-id=\"898\">die in Zuni-Schnitzereien seit Generationen bewahrt wird und geben einen<\/a> Einblick in das reiche k\u00fcnstlerische Erbe dieser indigenen Kultur.<\/p>\n","protected":false},"excerpt":{"rendered":"<p>Auto in der Technik des stone carving der Zuni mit Mosaic Inlay aus <a class=\"wpil_keyword_link\" href=\"https:\/\/www.prairiewind.ch\/newone\/produkt-schlagwort\/picasso-marble\/\" title=\"Picasso Marble\" data-wpil-keyword-link=\"linked\" data-wpil-monitor-id=\"188964\">Picasso Marble<\/a>, Jet, T\u00fcrkis und Sterlingsilber<\/p>\n<p>L\u00e4nge: <a href=\"https:\/\/www.prairiewind.ch\/newone\/produkt\/augustine-lovato-kewa-tuerkishalskette\/\" data-wpil-monitor-id=\"1570\">8.5 cm<\/a><br \/>\nH\u00f6he: <a href=\"https:\/\/www.prairiewind.ch\/newone\/produkt\/amelia-cordell-dakota-mini-traumfaenger-mit-pferdehaar\/\" data-wpil-monitor-id=\"1409\">5 cm<\/a><\/p>\n","protected":false},"featured_media":5821,"template":"","meta":{"_uag_custom_page_level_css":"","site-sidebar-layout":"default","site-content-layout":"","ast-site-content-layout":"default","site-content-style":"default","site-sidebar-style":"default","ast-global-header-display":"","ast-banner-title-visibility":"","ast-main-header-display":"","ast-hfb-above-header-display":"","ast-hfb-below-header-display":"","ast-hfb-mobile-header-display":"","site-post-title":"","ast-breadcrumbs-content":"","ast-featured-img":"","footer-sml-layout":"","ast-disable-related-posts":"","theme-transparent-header-meta":"default","adv-header-id-meta":"","stick-header-meta":"","header-above-stick-meta":"","header-main-stick-meta":"","header-below-stick-meta":"","astra-migrate-meta-layouts":"set","ast-page-background-enabled":"default","ast-page-background-meta":{"desktop":{"background-color":"var(--ast-global-color-4)","background-image":"","background-repeat":"repeat","background-position":"center center","background-size":"auto","background-attachment":"scroll","background-type":"","background-media":"","overlay-type":"","overlay-color":"","overlay-opacity":"","overlay-gradient":""},"tablet":{"background-color":"","background-image":"","background-repeat":"repeat","background-position":"center center","background-size":"auto","background-attachment":"scroll","background-type":"","background-media":"","overlay-type":"","overlay-color":"","overlay-opacity":"","overlay-gradient":""},"mobile":{"background-color":"","background-image":"","background-repeat":"repeat","background-position":"center center","background-size":"auto","background-attachment":"scroll","background-type":"","background-media":"","overlay-type":"","overlay-color":"","overlay-opacity":"","overlay-gradient":""}},"ast-content-background-meta":{"desktop":{"background-color":"var(--ast-global-color-5)","background-image":"","background-repeat":"repeat","background-position":"center center","background-size":"auto","background-attachment":"scroll","background-type":"","background-media":"","overlay-type":"","overlay-color":"","overlay-opacity":"","overlay-gradient":""},"tablet":{"background-color":"var(--ast-global-color-5)","background-image":"","background-repeat":"repeat","background-position":"center center","background-size":"auto","background-attachment":"scroll","background-type":"","background-media":"","overlay-type":"","overlay-color":"","overlay-opacity":"","overlay-gradient":""},"mobile":{"background-color":"var(--ast-global-color-5)","background-image":"","background-repeat":"repeat","background-position":"center center","background-size":"auto","background-attachment":"scroll","background-type":"","background-media":"","overlay-type":"","overlay-color":"","overlay-opacity":"","overlay-gradient":""}}},"product_brand":[],"product_cat":[64],"product_tag":[878,879,875,861],"class_list":{"0":"post-5827","1":"product","2":"type-product","3":"status-publish","4":"has-post-thumbnail","6":"product_cat-geschenke","7":"product_tag-jet-versteinerte-kohle","8":"product_tag-inlay","9":"product_tag-tuerkis","10":"product_tag-zuni","11":"desktop-align-left","12":"tablet-align-left","13":"mobile-align-left","15":"first","16":"instock","17":"shipping-taxable","18":"purchasable","19":"product-type-simple"},"uagb_featured_image_src":{"full":["https:\/\/www.prairiewind.ch\/newone\/wp-content\/uploads\/2020\/12\/20201209_083146290_iOS-scaled.webp",1920,1440,false],"thumbnail":["https:\/\/www.prairiewind.ch\/newone\/wp-content\/uploads\/2020\/12\/20201209_083146290_iOS-scaled-150x150.webp",150,150,true],"medium":["https:\/\/www.prairiewind.ch\/newone\/wp-content\/uploads\/2020\/12\/20201209_083146290_iOS-scaled-300x225.webp",300,225,true],"medium_large":["https:\/\/www.prairiewind.ch\/newone\/wp-content\/uploads\/2020\/12\/20201209_083146290_iOS-scaled-768x576.webp",768,576,true],"large":["https:\/\/www.prairiewind.ch\/newone\/wp-content\/uploads\/2020\/12\/20201209_083146290_iOS-scaled-1024x768.webp",1024,768,true],"1536x1536":["https:\/\/www.prairiewind.ch\/newone\/wp-content\/uploads\/2020\/12\/20201209_083146290_iOS-scaled-1536x1152.webp",1536,1152,true],"2048x2048":["https:\/\/www.prairiewind.ch\/newone\/wp-content\/uploads\/2020\/12\/20201209_083146290_iOS-scaled.webp",1920,1440,true],"hero-banner":["https:\/\/www.prairiewind.ch\/newone\/wp-content\/uploads\/2020\/12\/20201209_083146290_iOS-scaled-450x160.webp",450,160,true],"category-thumb":["https:\/\/www.prairiewind.ch\/newone\/wp-content\/uploads\/2020\/12\/20201209_083146290_iOS-scaled-200x150.webp",200,150,true],"woocommerce_thumbnail":["https:\/\/www.prairiewind.ch\/newone\/wp-content\/uploads\/2020\/12\/20201209_083146290_iOS-scaled-188x141.webp",188,141,true],"woocommerce_single":["https:\/\/www.prairiewind.ch\/newone\/wp-content\/uploads\/2020\/12\/20201209_083146290_iOS-scaled-251x188.webp",251,188,true],"woocommerce_gallery_thumbnail":["https:\/\/www.prairiewind.ch\/newone\/wp-content\/uploads\/2020\/12\/20201209_083146290_iOS-scaled-100x100.webp",100,100,true]},"uagb_author_info":{"display_name":"Kurt Weissen","author_link":"https:\/\/www.prairiewind.ch\/newone\/author\/"},"uagb_comment_info":0,"uagb_excerpt":"Auto in der Technik des stone carving der Zuni mit Mosaic Inlay aus Picasso Marble, Jet, T\u00fcrkis und Sterlingsilber L\u00e4nge: 8.5 cm H\u00f6he: 5 cm","_links":{"self":[{"href":"https:\/\/www.prairiewind.ch\/newone\/wp-json\/wp\/v2\/product\/5827","targetHints":{"allow":["GET"]}}],"collection":[{"href":"https:\/\/www.prairiewind.ch\/newone\/wp-json\/wp\/v2\/product"}],"about":[{"href":"https:\/\/www.prairiewind.ch\/newone\/wp-json\/wp\/v2\/types\/product"}],"version-history":[{"count":2,"href":"https:\/\/www.prairiewind.ch\/newone\/wp-json\/wp\/v2\/product\/5827\/revisions"}],"predecessor-version":[{"id":112046,"href":"https:\/\/www.prairiewind.ch\/newone\/wp-json\/wp\/v2\/product\/5827\/revisions\/112046"}],"wp:featuredmedia":[{"embeddable":true,"href":"https:\/\/www.prairiewind.ch\/newone\/wp-json\/wp\/v2\/media\/5821"}],"wp:attachment":[{"href":"https:\/\/www.prairiewind.ch\/newone\/wp-json\/wp\/v2\/media?parent=5827"}],"wp:term":[{"taxonomy":"product_brand","embeddable":true,"href":"https:\/\/www.prairiewind.ch\/newone\/wp-json\/wp\/v2\/product_brand?post=5827"},{"taxonomy":"product_cat","embeddable":true,"href":"https:\/\/www.prairiewind.ch\/newone\/wp-json\/wp\/v2\/product_cat?post=5827"},{"taxonomy":"product_tag","embeddable":true,"href":"https:\/\/www.prairiewind.ch\/newone\/wp-json\/wp\/v2\/product_tag?post=5827"}],"curies":[{"name":"wp","href":"https:\/\/api.w.org\/{rel}","templated":true}]}}