{"id":5826,"date":"2020-12-09T10:16:54","date_gmt":"2020-12-09T09:16:54","guid":{"rendered":"https:\/\/www.prairiewind.ch\/newone\/?post_type=product&#038;p=5826"},"modified":"2025-07-15T20:47:09","modified_gmt":"2025-07-15T18:47:09","slug":"121009-paul-coriz-kewa-grosse-klammer-mit-inlay","status":"publish","type":"product","link":"https:\/\/www.prairiewind.ch\/newone\/produkt\/121009-paul-coriz-kewa-grosse-klammer-mit-inlay\/","title":{"rendered":"Paul Coriz (Kewa) &#8211; grosse Klammer mit Inlay"},"content":{"rendered":"<p>Diese vielseitige, handgefertigte Klammer von Paul Coriz, einem K\u00fcnstler der Kewa Pueblo, besteht aus feinstem Sterlingsilber und ist kunstvoll mit einem Mosaik-Inlay aus T\u00fcrkis, Charlene Reano Kewa Anhaenger Mit Tuerkis, Pipestone und Calcit verziert. Mit einer L\u00e4nge von 5 cm und einer Breite von 2,6 cm kann diese Klammer entweder als stilvoller Anh\u00e4nger an einem Lederband getragen oder funktional zum Zusammenhalten von Banknoten oder Zetteln verwendet werden.<\/p>\n<p>Jede der verwendeten Steine hat in der indigenen Kunst der USA eine tiefe Bedeutung:<\/p>\n<ul>\n<li>T\u00fcrkis steht f\u00fcr Schutz und Heilung,<\/li>\n<li><a href=\"https:\/\/www.prairiewind.ch\/newone\/produkt\/nick-rosetta-kewa-holzanhaenger\/\" data-wpil-monitor-id=\"1144\">Serpentin symbolisiert Erneuerung und Transformation<\/a>,<\/li>\n<li>Pipestone gilt als heiliges <a href=\"https:\/\/www.prairiewind.ch\/newone\/produkt\/paul-coriz-kewa-grosse-haarspange-3\/\" data-wpil-monitor-id=\"999\">Material<\/a> und wird oft in spirituellen Zeremonien verwendet,<\/li>\n<li>Calcit wird f\u00fcr seine erdenden und reinigenden <a href=\"https:\/\/www.prairiewind.ch\/newone\/produkt\/debra-gasper-zuni-wolf\/\" data-wpil-monitor-id=\"1630\">Eigenschaften<\/a> gesch\u00e4tzt.<\/li>\n<\/ul>\n<p>Diese Klammer ist nicht nur ein praktisches Accessoire, sondern auch ein Ausdruck traditioneller indigener Handwerkskunst, die <a href=\"https:\/\/www.prairiewind.ch\/newone\/produkt\/lucinda-victorino-acoma-toepfchen\/\" data-wpil-monitor-id=\"1163\">die tiefe Verbindung zu Natur und Spiritualit\u00e4t<\/a> in der Kewa-Kultur widerspiegelt.<\/p>\n<p>&nbsp;<\/p>\n","protected":false},"excerpt":{"rendered":"<p>Grosse Klammer aus Sterlingsilber mit Inlay aus T\u00fcrkis, Serpentin, Pipestone uns Calcite.<\/p>\n<p><a href=\"https:\/\/www.prairiewind.ch\/newone\/produkt\/aaron-brokeshoulder-armreif-aus-kupfer\/\" data-wpil-monitor-id=\"1041\">Anh\u00e4nger oder f\u00fcr das Zusammenhalten<\/a> von Banknoten oder Zetteln.<\/p>\n<p>L\u00e4nge: <a href=\"https:\/\/www.prairiewind.ch\/newone\/produkt\/amelia-cordell-dakota-mini-traumfaenger-mit-pferdehaar\/\" data-wpil-monitor-id=\"1410\">5 cm<\/a><br \/>\nBreite: 2.6 cm<\/p>\n","protected":false},"featured_media":5808,"template":"","meta":{"_uag_custom_page_level_css":"","site-sidebar-layout":"default","site-content-layout":"","ast-site-content-layout":"default","site-content-style":"default","site-sidebar-style":"default","ast-global-header-display":"","ast-banner-title-visibility":"","ast-main-header-display":"","ast-hfb-above-header-display":"","ast-hfb-below-header-display":"","ast-hfb-mobile-header-display":"","site-post-title":"","ast-breadcrumbs-content":"","ast-featured-img":"","footer-sml-layout":"","ast-disable-related-posts":"","theme-transparent-header-meta":"default","adv-header-id-meta":"","stick-header-meta":"","header-above-stick-meta":"","header-main-stick-meta":"","header-below-stick-meta":"","astra-migrate-meta-layouts":"set","ast-page-background-enabled":"default","ast-page-background-meta":{"desktop":{"background-color":"var(--ast-global-color-4)","background-image":"","background-repeat":"repeat","background-position":"center center","background-size":"auto","background-attachment":"scroll","background-type":"","background-media":"","overlay-type":"","overlay-color":"","overlay-opacity":"","overlay-gradient":""},"tablet":{"background-color":"","background-image":"","background-repeat":"repeat","background-position":"center center","background-size":"auto","background-attachment":"scroll","background-type":"","background-media":"","overlay-type":"","overlay-color":"","overlay-opacity":"","overlay-gradient":""},"mobile":{"background-color":"","background-image":"","background-repeat":"repeat","background-position":"center center","background-size":"auto","background-attachment":"scroll","background-type":"","background-media":"","overlay-type":"","overlay-color":"","overlay-opacity":"","overlay-gradient":""}},"ast-content-background-meta":{"desktop":{"background-color":"var(--ast-global-color-5)","background-image":"","background-repeat":"repeat","background-position":"center center","background-size":"auto","background-attachment":"scroll","background-type":"","background-media":"","overlay-type":"","overlay-color":"","overlay-opacity":"","overlay-gradient":""},"tablet":{"background-color":"var(--ast-global-color-5)","background-image":"","background-repeat":"repeat","background-position":"center center","background-size":"auto","background-attachment":"scroll","background-type":"","background-media":"","overlay-type":"","overlay-color":"","overlay-opacity":"","overlay-gradient":""},"mobile":{"background-color":"var(--ast-global-color-5)","background-image":"","background-repeat":"repeat","background-position":"center center","background-size":"auto","background-attachment":"scroll","background-type":"","background-media":"","overlay-type":"","overlay-color":"","overlay-opacity":"","overlay-gradient":""}}},"product_brand":[],"product_cat":[43,50,64],"product_tag":[857,879,875],"class_list":{"0":"post-5826","1":"product","2":"type-product","3":"status-publish","4":"has-post-thumbnail","6":"product_cat-anhaenger","7":"product_cat-anhaenger-indianer","8":"product_cat-geschenke","9":"product_tag-kewa","10":"product_tag-inlay","11":"product_tag-tuerkis","12":"desktop-align-left","13":"tablet-align-left","14":"mobile-align-left","16":"first","17":"instock","18":"shipping-taxable","19":"purchasable","20":"product-type-simple"},"uagb_featured_image_src":{"full":["https:\/\/www.prairiewind.ch\/newone\/wp-content\/uploads\/2020\/12\/20201209_081015244_iOS-scaled.webp",1920,1440,false],"thumbnail":["https:\/\/www.prairiewind.ch\/newone\/wp-content\/uploads\/2020\/12\/20201209_081015244_iOS-scaled-150x150.webp",150,150,true],"medium":["https:\/\/www.prairiewind.ch\/newone\/wp-content\/uploads\/2020\/12\/20201209_081015244_iOS-scaled-300x225.webp",300,225,true],"medium_large":["https:\/\/www.prairiewind.ch\/newone\/wp-content\/uploads\/2020\/12\/20201209_081015244_iOS-scaled-768x576.webp",768,576,true],"large":["https:\/\/www.prairiewind.ch\/newone\/wp-content\/uploads\/2020\/12\/20201209_081015244_iOS-scaled-1024x768.webp",1024,768,true],"1536x1536":["https:\/\/www.prairiewind.ch\/newone\/wp-content\/uploads\/2020\/12\/20201209_081015244_iOS-scaled-1536x1152.webp",1536,1152,true],"2048x2048":["https:\/\/www.prairiewind.ch\/newone\/wp-content\/uploads\/2020\/12\/20201209_081015244_iOS-scaled.webp",1920,1440,true],"hero-banner":["https:\/\/www.prairiewind.ch\/newone\/wp-content\/uploads\/2020\/12\/20201209_081015244_iOS-scaled-450x160.webp",450,160,true],"category-thumb":["https:\/\/www.prairiewind.ch\/newone\/wp-content\/uploads\/2020\/12\/20201209_081015244_iOS-scaled-200x150.webp",200,150,true],"woocommerce_thumbnail":["https:\/\/www.prairiewind.ch\/newone\/wp-content\/uploads\/2020\/12\/20201209_081015244_iOS-scaled-188x141.webp",188,141,true],"woocommerce_single":["https:\/\/www.prairiewind.ch\/newone\/wp-content\/uploads\/2020\/12\/20201209_081015244_iOS-scaled-251x188.webp",251,188,true],"woocommerce_gallery_thumbnail":["https:\/\/www.prairiewind.ch\/newone\/wp-content\/uploads\/2020\/12\/20201209_081015244_iOS-scaled-100x100.webp",100,100,true]},"uagb_author_info":{"display_name":"Kurt Weissen","author_link":"https:\/\/www.prairiewind.ch\/newone\/author\/"},"uagb_comment_info":0,"uagb_excerpt":"Grosse Klammer aus Sterlingsilber mit Inlay aus T\u00fcrkis, Serpentin, Pipestone uns Calcite. Anh\u00e4nger oder f\u00fcr das Zusammenhalten von Banknoten oder Zetteln. L\u00e4nge: 5 cm Breite: 2.6 cm","_links":{"self":[{"href":"https:\/\/www.prairiewind.ch\/newone\/wp-json\/wp\/v2\/product\/5826","targetHints":{"allow":["GET"]}}],"collection":[{"href":"https:\/\/www.prairiewind.ch\/newone\/wp-json\/wp\/v2\/product"}],"about":[{"href":"https:\/\/www.prairiewind.ch\/newone\/wp-json\/wp\/v2\/types\/product"}],"version-history":[{"count":2,"href":"https:\/\/www.prairiewind.ch\/newone\/wp-json\/wp\/v2\/product\/5826\/revisions"}],"predecessor-version":[{"id":100907,"href":"https:\/\/www.prairiewind.ch\/newone\/wp-json\/wp\/v2\/product\/5826\/revisions\/100907"}],"wp:featuredmedia":[{"embeddable":true,"href":"https:\/\/www.prairiewind.ch\/newone\/wp-json\/wp\/v2\/media\/5808"}],"wp:attachment":[{"href":"https:\/\/www.prairiewind.ch\/newone\/wp-json\/wp\/v2\/media?parent=5826"}],"wp:term":[{"taxonomy":"product_brand","embeddable":true,"href":"https:\/\/www.prairiewind.ch\/newone\/wp-json\/wp\/v2\/product_brand?post=5826"},{"taxonomy":"product_cat","embeddable":true,"href":"https:\/\/www.prairiewind.ch\/newone\/wp-json\/wp\/v2\/product_cat?post=5826"},{"taxonomy":"product_tag","embeddable":true,"href":"https:\/\/www.prairiewind.ch\/newone\/wp-json\/wp\/v2\/product_tag?post=5826"}],"curies":[{"name":"wp","href":"https:\/\/api.w.org\/{rel}","templated":true}]}}