{"id":4708,"date":"2020-05-27T22:58:20","date_gmt":"2020-05-27T21:58:20","guid":{"rendered":"https:\/\/www.prairiewind.ch\/newone\/produkt\/antone-honanie-hopi-longhair-kachina-anhanger-oder-brosche\/"},"modified":"2025-11-17T15:06:10","modified_gmt":"2025-11-17T13:06:10","slug":"antone-honanie-hopi-longhair-kachina-anhanger","status":"publish","type":"product","link":"https:\/\/www.prairiewind.ch\/newone\/produkt\/antone-honanie-hopi-longhair-kachina-anhanger\/","title":{"rendered":"Antone Honanie (Hopi) &#8211; Longhair Kachina-Anh\u00e4nger oder Brosche"},"content":{"rendered":"<p>Die Aufgabe der Langhaar-<a href=\"https:\/\/www.prairiewind.ch\/newone\/produkt\/121010-paul-coriz-kewa-kleine-inlay-klammer\/\">Kachina<\/a> (Angak&#8217;china)\u00a0ist es, die Hopi-D\u00f6rfer mit Regen zu versorgen. Sie kommen in Gruppen, oft in Begleitung der gelben oder wei\u00dfen Maisjungfrauen. Sie singen wundersch\u00f6ne Melodien f\u00fcr alle, mit optimistischen Themen und Botschaften, die dazu ermutigen, das Leben in vollen Z\u00fcgen zu genie\u00dfen. Als wahres Leuchtfeuer der Positivit\u00e4t sind die Longhairs bei den Hopi sehr beliebt.<\/p>\n<p>Dieser au\u00dfergew\u00f6hnliche Longhair Kachina-Anh\u00e4nger oder Brosche von Antone Honanie, einem <a href=\"https:\/\/www.prairiewind.ch\/newone\/produkt\/medizinbeutel-hopi\/\" data-wpil-monitor-id=\"480\">K\u00fcnstler der Hopi<\/a>, ist aus feinstem Sterlingsilber gefertigt und misst 6,6 cm in der H\u00f6he. Der <a href=\"https:\/\/www.prairiewind.ch\/newone\/produkt\/121009-paul-coriz-kewa-grosse-klammer-mit-inlay\/\" data-wpil-monitor-id=\"527\">Paul Coriz (Kewa) &#8211; grosse Klammer mit Inlay<\/a> stellt die Langhaar-Kachina (<em>Angak&#8217;china<\/em>) dar, eine spirituelle Figur, deren Aufgabe es ist, die Hopi-D\u00f6rfer mit lebenswichtigem Regen zu versorgen.<\/p>\n<p>Die Longhair <a class=\"wpil_keyword_link\" href=\"https:\/\/www.prairiewind.ch\/newone\/produkt\/male-ogre-kachina\/\" title=\"Michael Adams (Hopi) &#8211; Tsaveyo (male Ogre Kachina)\" data-wpil-keyword-link=\"linked\" data-wpil-monitor-id=\"4931\">Kachinas<\/a> kommen oft in Gruppen und werden von den gelben oder wei\u00dfen Maisjungfrauen begleitet. <a href=\"https:\/\/www.prairiewind.ch\/newone\/bestellung-storniert\/\" data-wpil-monitor-id=\"1181\">Sie sind bekannt f\u00fcr ihre wundersch\u00f6nen Melodien<\/a> und positiven Botschaften, die das Leben und die Natur ehren. Diese Kachinas symbolisieren Wohlstand, <a href=\"https:\/\/www.prairiewind.ch\/newone\/produkt\/fuenfreihige-tuerkishalskette-kewa\/\" data-wpil-monitor-id=\"1257\">Positivit\u00e4t und die Kraft der Gemeinschaft<\/a> und sind in der Hopi-Kultur sehr beliebt.<\/p>\n<p>Dieser Schmuckst\u00fcck vereint kulturelle Bedeutung und handwerkliches K\u00f6nnen und kann sowohl als <a href=\"https:\/\/www.prairiewind.ch\/newone\/produkt\/leon-lomakewa-hopi-overlay-anhaenger\/\" data-wpil-monitor-id=\"541\">Leon Lomakewa (Hopi) &#8211; Overlay-Anh\u00e4nger<\/a> als auch als Brosche getragen werden. Es ist ein Ausdruck der Hopi-Spiritualit\u00e4t und ein einzigartiges Accessoire, das die Sch\u00f6nheit und Tiefe der Hopi-Kultur zelebriert.<\/p>\n","protected":false},"excerpt":{"rendered":"<p>Longhair Kachina-Anh\u00e4nger oder Brosche aus Sterlingsilber<\/p>\n<p>H\u00f6he: 6,6 cm<\/p>\n","protected":false},"featured_media":3949,"template":"","meta":{"_uag_custom_page_level_css":"","site-sidebar-layout":"default","site-content-layout":"","ast-site-content-layout":"default","site-content-style":"default","site-sidebar-style":"default","ast-global-header-display":"","ast-banner-title-visibility":"","ast-main-header-display":"","ast-hfb-above-header-display":"","ast-hfb-below-header-display":"","ast-hfb-mobile-header-display":"","site-post-title":"","ast-breadcrumbs-content":"","ast-featured-img":"","footer-sml-layout":"","ast-disable-related-posts":"","theme-transparent-header-meta":"default","adv-header-id-meta":"","stick-header-meta":"","header-above-stick-meta":"","header-main-stick-meta":"","header-below-stick-meta":"","astra-migrate-meta-layouts":"set","ast-page-background-enabled":"default","ast-page-background-meta":{"desktop":{"background-color":"var(--ast-global-color-4)","background-image":"","background-repeat":"repeat","background-position":"center center","background-size":"auto","background-attachment":"scroll","background-type":"","background-media":"","overlay-type":"","overlay-color":"","overlay-opacity":"","overlay-gradient":""},"tablet":{"background-color":"","background-image":"","background-repeat":"repeat","background-position":"center center","background-size":"auto","background-attachment":"scroll","background-type":"","background-media":"","overlay-type":"","overlay-color":"","overlay-opacity":"","overlay-gradient":""},"mobile":{"background-color":"","background-image":"","background-repeat":"repeat","background-position":"center center","background-size":"auto","background-attachment":"scroll","background-type":"","background-media":"","overlay-type":"","overlay-color":"","overlay-opacity":"","overlay-gradient":""}},"ast-content-background-meta":{"desktop":{"background-color":"var(--ast-global-color-5)","background-image":"","background-repeat":"repeat","background-position":"center center","background-size":"auto","background-attachment":"scroll","background-type":"","background-media":"","overlay-type":"","overlay-color":"","overlay-opacity":"","overlay-gradient":""},"tablet":{"background-color":"var(--ast-global-color-5)","background-image":"","background-repeat":"repeat","background-position":"center center","background-size":"auto","background-attachment":"scroll","background-type":"","background-media":"","overlay-type":"","overlay-color":"","overlay-opacity":"","overlay-gradient":""},"mobile":{"background-color":"var(--ast-global-color-5)","background-image":"","background-repeat":"repeat","background-position":"center center","background-size":"auto","background-attachment":"scroll","background-type":"","background-media":"","overlay-type":"","overlay-color":"","overlay-opacity":"","overlay-gradient":""}}},"product_brand":[],"product_cat":[50,43],"product_tag":[856],"class_list":{"0":"post-4708","1":"product","2":"type-product","3":"status-publish","4":"has-post-thumbnail","6":"product_cat-anhaenger-indianer","7":"product_cat-anhaenger","8":"product_tag-hopi","9":"desktop-align-left","10":"tablet-align-left","11":"mobile-align-left","13":"first","14":"instock","15":"shipping-taxable","16":"purchasable","17":"product-type-simple"},"uagb_featured_image_src":{"full":["https:\/\/www.prairiewind.ch\/newone\/wp-content\/uploads\/2020\/05\/products-303_0.webp",600,450,false],"thumbnail":["https:\/\/www.prairiewind.ch\/newone\/wp-content\/uploads\/2020\/05\/products-303_0-150x150.webp",150,150,true],"medium":["https:\/\/www.prairiewind.ch\/newone\/wp-content\/uploads\/2020\/05\/products-303_0-300x225.webp",300,225,true],"medium_large":["https:\/\/www.prairiewind.ch\/newone\/wp-content\/uploads\/2020\/05\/products-303_0.webp",600,450,false],"large":["https:\/\/www.prairiewind.ch\/newone\/wp-content\/uploads\/2020\/05\/products-303_0.webp",600,450,false],"1536x1536":["https:\/\/www.prairiewind.ch\/newone\/wp-content\/uploads\/2020\/05\/products-303_0.webp",600,450,false],"2048x2048":["https:\/\/www.prairiewind.ch\/newone\/wp-content\/uploads\/2020\/05\/products-303_0.webp",600,450,false],"hero-banner":["https:\/\/www.prairiewind.ch\/newone\/wp-content\/uploads\/2020\/05\/products-303_0-450x160.webp",450,160,true],"category-thumb":["https:\/\/www.prairiewind.ch\/newone\/wp-content\/uploads\/2020\/05\/products-303_0-200x150.webp",200,150,true],"woocommerce_thumbnail":["https:\/\/www.prairiewind.ch\/newone\/wp-content\/uploads\/2020\/05\/products-303_0-188x141.webp",188,141,true],"woocommerce_single":["https:\/\/www.prairiewind.ch\/newone\/wp-content\/uploads\/2020\/05\/products-303_0-251x188.webp",251,188,true],"woocommerce_gallery_thumbnail":["https:\/\/www.prairiewind.ch\/newone\/wp-content\/uploads\/2020\/05\/products-303_0-100x100.webp",100,100,true]},"uagb_author_info":{"display_name":"Kurt Weissen","author_link":"https:\/\/www.prairiewind.ch\/newone\/author\/"},"uagb_comment_info":0,"uagb_excerpt":"Longhair Kachina-Anh\u00e4nger oder Brosche aus Sterlingsilber H\u00f6he: 6,6 cm","_links":{"self":[{"href":"https:\/\/www.prairiewind.ch\/newone\/wp-json\/wp\/v2\/product\/4708","targetHints":{"allow":["GET"]}}],"collection":[{"href":"https:\/\/www.prairiewind.ch\/newone\/wp-json\/wp\/v2\/product"}],"about":[{"href":"https:\/\/www.prairiewind.ch\/newone\/wp-json\/wp\/v2\/types\/product"}],"version-history":[{"count":2,"href":"https:\/\/www.prairiewind.ch\/newone\/wp-json\/wp\/v2\/product\/4708\/revisions"}],"predecessor-version":[{"id":109614,"href":"https:\/\/www.prairiewind.ch\/newone\/wp-json\/wp\/v2\/product\/4708\/revisions\/109614"}],"wp:featuredmedia":[{"embeddable":true,"href":"https:\/\/www.prairiewind.ch\/newone\/wp-json\/wp\/v2\/media\/3949"}],"wp:attachment":[{"href":"https:\/\/www.prairiewind.ch\/newone\/wp-json\/wp\/v2\/media?parent=4708"}],"wp:term":[{"taxonomy":"product_brand","embeddable":true,"href":"https:\/\/www.prairiewind.ch\/newone\/wp-json\/wp\/v2\/product_brand?post=4708"},{"taxonomy":"product_cat","embeddable":true,"href":"https:\/\/www.prairiewind.ch\/newone\/wp-json\/wp\/v2\/product_cat?post=4708"},{"taxonomy":"product_tag","embeddable":true,"href":"https:\/\/www.prairiewind.ch\/newone\/wp-json\/wp\/v2\/product_tag?post=4708"}],"curies":[{"name":"wp","href":"https:\/\/api.w.org\/{rel}","templated":true}]}}