{"id":4620,"date":"2020-05-27T22:56:06","date_gmt":"2020-05-27T21:56:06","guid":{"rendered":"https:\/\/www.prairiewind.ch\/newone\/produkt\/hohe-moccasins-boots\/"},"modified":"2025-09-17T12:30:49","modified_gmt":"2025-09-17T10:30:49","slug":"hohe-moccasins-boots","status":"publish","type":"product","link":"https:\/\/www.prairiewind.ch\/newone\/produkt\/hohe-moccasins-boots\/","title":{"rendered":"Hohe Moccasins Boots (Blackfeet)"},"content":{"rendered":"<p data-start=\"176\" data-end=\"522\"><a href=\"https:\/\/www.prairiewind.ch\/newone\/produkt\/moccasins-aus-elchleder-blackfeet\/\">Diese hohen Moccasins (Mokassins)<\/a> werden von Angeh\u00f6rigen der Blackfeet Nation in Kanada aus naturbelassenem Elchleder gefertigt. Sowohl das Obermaterial als auch die Sohle bestehen aus weichem, geschmeidigem Leder, das sich beim Tragen angenehm an den Fu\u00df anschmiegt. Aufgrund der weichen Ledersohle eignen sich diese Mokassins ausschlie\u00dflich als Hausschuhe.<\/p>\n<p data-start=\"524\" data-end=\"783\">Die Farbe variiert leicht \u2013 von hellem Braun bis zu einem warmen Gelbton \u2013, da das Leder nicht gef\u00e4rbt, sondern in seiner nat\u00fcrlichen Beschaffenheit belassen wird. Jedes Paar ist ein Unikat und zeugt vom <a href=\"https:\/\/www.prairiewind.ch\/newone\/produkt\/baby-moccasins-14\/\" data-wpil-monitor-id=\"2339\">traditionellen Handwerk<\/a> nordamerikanischer Ureinwohner.<\/p>\n<p data-start=\"785\" data-end=\"1036\">Bitte beachten: Die Verwendung von Elchleder erfordert besondere Fachkenntnis in der Verarbeitung. Es geh\u00f6rt zu den widerstandsf\u00e4higsten und gleichzeitig geschmeidigsten Naturledern \u00fcberhaupt \u2013 ideal f\u00fcr leichte Hausschuhe mit besonderem Tragekomfort.<\/p>\n<p><strong>Bitte nehmen Sie mit mir Kontakt auf, bevor Sie eine <a href=\"https:\/\/www.prairiewind.ch\/newone\/bestellung-storniert\/\" data-wpil-monitor-id=\"419\">Bestellung<\/a> aufgeben, da die Gr\u00f6ssenangaben sehr stark variieren k\u00f6nnen.fg<\/strong><\/p>\n","protected":false},"excerpt":{"rendered":"<p class=\"lead\">Moccasins Boots (Blackfeet) aus Elchleder f\u00fcr M\u00e4nner und Frauen.<\/p>\n","protected":false},"featured_media":4380,"template":"","meta":{"_uag_custom_page_level_css":"","site-sidebar-layout":"default","site-content-layout":"","ast-site-content-layout":"default","site-content-style":"default","site-sidebar-style":"default","ast-global-header-display":"","ast-banner-title-visibility":"","ast-main-header-display":"","ast-hfb-above-header-display":"","ast-hfb-below-header-display":"","ast-hfb-mobile-header-display":"","site-post-title":"","ast-breadcrumbs-content":"","ast-featured-img":"","footer-sml-layout":"","ast-disable-related-posts":"","theme-transparent-header-meta":"default","adv-header-id-meta":"","stick-header-meta":"","header-above-stick-meta":"","header-main-stick-meta":"","header-below-stick-meta":"","astra-migrate-meta-layouts":"set","ast-page-background-enabled":"default","ast-page-background-meta":{"desktop":{"background-color":"var(--ast-global-color-4)","background-image":"","background-repeat":"repeat","background-position":"center center","background-size":"auto","background-attachment":"scroll","background-type":"","background-media":"","overlay-type":"","overlay-color":"","overlay-opacity":"","overlay-gradient":""},"tablet":{"background-color":"","background-image":"","background-repeat":"repeat","background-position":"center center","background-size":"auto","background-attachment":"scroll","background-type":"","background-media":"","overlay-type":"","overlay-color":"","overlay-opacity":"","overlay-gradient":""},"mobile":{"background-color":"","background-image":"","background-repeat":"repeat","background-position":"center center","background-size":"auto","background-attachment":"scroll","background-type":"","background-media":"","overlay-type":"","overlay-color":"","overlay-opacity":"","overlay-gradient":""}},"ast-content-background-meta":{"desktop":{"background-color":"var(--ast-global-color-5)","background-image":"","background-repeat":"repeat","background-position":"center center","background-size":"auto","background-attachment":"scroll","background-type":"","background-media":"","overlay-type":"","overlay-color":"","overlay-opacity":"","overlay-gradient":""},"tablet":{"background-color":"var(--ast-global-color-5)","background-image":"","background-repeat":"repeat","background-position":"center center","background-size":"auto","background-attachment":"scroll","background-type":"","background-media":"","overlay-type":"","overlay-color":"","overlay-opacity":"","overlay-gradient":""},"mobile":{"background-color":"var(--ast-global-color-5)","background-image":"","background-repeat":"repeat","background-position":"center center","background-size":"auto","background-attachment":"scroll","background-type":"","background-media":"","overlay-type":"","overlay-color":"","overlay-opacity":"","overlay-gradient":""}}},"product_brand":[],"product_cat":[95],"product_tag":[853],"class_list":{"0":"post-4620","1":"product","2":"type-product","3":"status-publish","4":"has-post-thumbnail","6":"product_cat-hausmoccasins","7":"product_tag-blackfeet","8":"desktop-align-left","9":"tablet-align-left","10":"mobile-align-left","12":"first","13":"instock","14":"shipping-taxable","15":"purchasable","16":"product-type-variable"},"uagb_featured_image_src":{"full":["https:\/\/www.prairiewind.ch\/newone\/wp-content\/uploads\/2020\/05\/2018-11-25-12.26.35-scaled.jpg",2048,1536,false],"thumbnail":["https:\/\/www.prairiewind.ch\/newone\/wp-content\/uploads\/2020\/05\/2018-11-25-12.26.35-scaled-150x150.jpg",150,150,true],"medium":["https:\/\/www.prairiewind.ch\/newone\/wp-content\/uploads\/2020\/05\/2018-11-25-12.26.35-scaled-300x225.jpg",300,225,true],"medium_large":["https:\/\/www.prairiewind.ch\/newone\/wp-content\/uploads\/2020\/05\/2018-11-25-12.26.35-scaled-768x576.jpg",768,576,true],"large":["https:\/\/www.prairiewind.ch\/newone\/wp-content\/uploads\/2020\/05\/2018-11-25-12.26.35-scaled-1024x768.jpg",1024,768,true],"1536x1536":["https:\/\/www.prairiewind.ch\/newone\/wp-content\/uploads\/2020\/05\/2018-11-25-12.26.35-scaled-1536x1152.jpg",1536,1152,true],"2048x2048":["https:\/\/www.prairiewind.ch\/newone\/wp-content\/uploads\/2020\/05\/2018-11-25-12.26.35-2048x1536.jpg",2048,1536,true],"hero-banner":["https:\/\/www.prairiewind.ch\/newone\/wp-content\/uploads\/2020\/05\/2018-11-25-12.26.35-scaled-450x160.jpg",450,160,true],"category-thumb":["https:\/\/www.prairiewind.ch\/newone\/wp-content\/uploads\/2020\/05\/2018-11-25-12.26.35-scaled-200x150.jpg",200,150,true],"woocommerce_thumbnail":["https:\/\/www.prairiewind.ch\/newone\/wp-content\/uploads\/2020\/05\/2018-11-25-12.26.35-scaled-188x141.jpg",188,141,true],"woocommerce_single":["https:\/\/www.prairiewind.ch\/newone\/wp-content\/uploads\/2020\/05\/2018-11-25-12.26.35-scaled-251x188.jpg",251,188,true],"woocommerce_gallery_thumbnail":["https:\/\/www.prairiewind.ch\/newone\/wp-content\/uploads\/2020\/05\/2018-11-25-12.26.35-scaled-100x100.jpg",100,100,true]},"uagb_author_info":{"display_name":"Kurt Weissen","author_link":"https:\/\/www.prairiewind.ch\/newone\/author\/"},"uagb_comment_info":0,"uagb_excerpt":"Moccasins Boots (Blackfeet) aus Elchleder f\u00fcr M\u00e4nner und Frauen.","_links":{"self":[{"href":"https:\/\/www.prairiewind.ch\/newone\/wp-json\/wp\/v2\/product\/4620","targetHints":{"allow":["GET"]}}],"collection":[{"href":"https:\/\/www.prairiewind.ch\/newone\/wp-json\/wp\/v2\/product"}],"about":[{"href":"https:\/\/www.prairiewind.ch\/newone\/wp-json\/wp\/v2\/types\/product"}],"version-history":[{"count":0,"href":"https:\/\/www.prairiewind.ch\/newone\/wp-json\/wp\/v2\/product\/4620\/revisions"}],"wp:featuredmedia":[{"embeddable":true,"href":"https:\/\/www.prairiewind.ch\/newone\/wp-json\/wp\/v2\/media\/4380"}],"wp:attachment":[{"href":"https:\/\/www.prairiewind.ch\/newone\/wp-json\/wp\/v2\/media?parent=4620"}],"wp:term":[{"taxonomy":"product_brand","embeddable":true,"href":"https:\/\/www.prairiewind.ch\/newone\/wp-json\/wp\/v2\/product_brand?post=4620"},{"taxonomy":"product_cat","embeddable":true,"href":"https:\/\/www.prairiewind.ch\/newone\/wp-json\/wp\/v2\/product_cat?post=4620"},{"taxonomy":"product_tag","embeddable":true,"href":"https:\/\/www.prairiewind.ch\/newone\/wp-json\/wp\/v2\/product_tag?post=4620"}],"curies":[{"name":"wp","href":"https:\/\/api.w.org\/{rel}","templated":true}]}}