{"id":4612,"date":"2020-05-27T22:55:59","date_gmt":"2020-05-27T21:55:59","guid":{"rendered":"https:\/\/www.prairiewind.ch\/newone\/produkt\/baby-moccasins-14\/"},"modified":"2025-04-26T11:23:30","modified_gmt":"2025-04-26T10:23:30","slug":"baby-moccasins-14","status":"publish","type":"product","link":"https:\/\/www.prairiewind.ch\/newone\/produkt\/baby-moccasins-14\/","title":{"rendered":"Pearl Blue Lakes Bearing (Lakota) &#8211; Babymoccasins mit Quill"},"content":{"rendered":"<p class=\"\" data-start=\"221\" data-end=\"553\">Paar Mokassins f\u00fcr ein Baby, gefertigt von Pearl Blue Lakes Bearing (Lakota). Das Obermaterial besteht aus weichem, hellem Leder, das von Hand zugeschnitten und vern\u00e4ht wurde. Die Mokassins sind mit traditioneller Verzierung versehen, bestehend aus <em data-start=\"470\" data-end=\"481\">Quillwork<\/em> (Stachelschweinborsten-Stickerei) und Glasperlenstickerei (<em data-start=\"541\" data-end=\"551\">Beadwork<\/em>).<\/p>\n<p class=\"\" data-start=\"555\" data-end=\"1055\">Die Quillwork befindet sich auf dem Spann und besteht aus parallel angeordneten, violett gef\u00e4rbten Borsten, die flach aufgen\u00e4ht wurden. Diese Technik geh\u00f6rt zu den \u00e4ltesten indigenen Kunstformen Nordamerikas und wurde bereits vor der Einf\u00fchrung von Glasperlen angewendet. Die Borsten stammen vom nordamerikanischen Stachelschwein (<em data-start=\"886\" data-end=\"906\">Erethizon dorsatum<\/em>) und werden durch F\u00e4rben, Weichen und Flechten vorbereitet. Erg\u00e4nzt wird das Dekor durch dicht gesetzte, dunkelblaue Glasperlen im Vorderfu\u00dfbereich.<\/p>\n<p class=\"\" data-start=\"1057\" data-end=\"1250\">Die Mokassins werden mit Lederb\u00e4ndern geschlossen. Sie sind ungef\u00fcttert und nicht f\u00fcr den Gebrauch im Alltag gedacht, sondern als traditionell gefertigtes Einzelst\u00fcck mit kultureller Bedeutung.<\/p>\n","protected":false},"excerpt":{"rendered":"<p data-start=\"1057\" data-end=\"1250\"><a href=\"https:\/\/www.prairiewind.ch\/newone\/produkt\/baby-moccasins-15\/\">Moccasins f\u00fcr ein Baby mit Beadwork<\/a> und Quillwork (Stachelschweinborsten)<\/p>\n<p data-start=\"1057\" data-end=\"1250\">\n","protected":false},"featured_media":4359,"template":"","meta":{"_uag_custom_page_level_css":"","site-sidebar-layout":"default","site-content-layout":"","ast-site-content-layout":"default","site-content-style":"default","site-sidebar-style":"default","ast-global-header-display":"","ast-banner-title-visibility":"","ast-main-header-display":"","ast-hfb-above-header-display":"","ast-hfb-below-header-display":"","ast-hfb-mobile-header-display":"","site-post-title":"","ast-breadcrumbs-content":"","ast-featured-img":"","footer-sml-layout":"","ast-disable-related-posts":"","theme-transparent-header-meta":"default","adv-header-id-meta":"","stick-header-meta":"","header-above-stick-meta":"","header-main-stick-meta":"","header-below-stick-meta":"","astra-migrate-meta-layouts":"set","ast-page-background-enabled":"default","ast-page-background-meta":{"desktop":{"background-color":"var(--ast-global-color-4)","background-image":"","background-repeat":"repeat","background-position":"center center","background-size":"auto","background-attachment":"scroll","background-type":"","background-media":"","overlay-type":"","overlay-color":"","overlay-opacity":"","overlay-gradient":""},"tablet":{"background-color":"","background-image":"","background-repeat":"repeat","background-position":"center center","background-size":"auto","background-attachment":"scroll","background-type":"","background-media":"","overlay-type":"","overlay-color":"","overlay-opacity":"","overlay-gradient":""},"mobile":{"background-color":"","background-image":"","background-repeat":"repeat","background-position":"center center","background-size":"auto","background-attachment":"scroll","background-type":"","background-media":"","overlay-type":"","overlay-color":"","overlay-opacity":"","overlay-gradient":""}},"ast-content-background-meta":{"desktop":{"background-color":"var(--ast-global-color-5)","background-image":"","background-repeat":"repeat","background-position":"center center","background-size":"auto","background-attachment":"scroll","background-type":"","background-media":"","overlay-type":"","overlay-color":"","overlay-opacity":"","overlay-gradient":""},"tablet":{"background-color":"var(--ast-global-color-5)","background-image":"","background-repeat":"repeat","background-position":"center center","background-size":"auto","background-attachment":"scroll","background-type":"","background-media":"","overlay-type":"","overlay-color":"","overlay-opacity":"","overlay-gradient":""},"mobile":{"background-color":"var(--ast-global-color-5)","background-image":"","background-repeat":"repeat","background-position":"center center","background-size":"auto","background-attachment":"scroll","background-type":"","background-media":"","overlay-type":"","overlay-color":"","overlay-opacity":"","overlay-gradient":""}}},"product_brand":[],"product_cat":[493],"product_tag":[1057,855],"class_list":{"0":"post-4612","1":"product","2":"type-product","3":"status-publish","4":"has-post-thumbnail","6":"product_cat-babymoccasins","7":"product_tag-beadwork","8":"product_tag-dakota-lakota","9":"desktop-align-left","10":"tablet-align-left","11":"mobile-align-left","13":"first","14":"instock","15":"shipping-taxable","16":"purchasable","17":"product-type-simple"},"uagb_featured_image_src":{"full":["https:\/\/www.prairiewind.ch\/newone\/wp-content\/uploads\/2020\/05\/2018-11-25-12.33.47-Kopie-scaled.jpg",2048,1536,false],"thumbnail":["https:\/\/www.prairiewind.ch\/newone\/wp-content\/uploads\/2020\/05\/2018-11-25-12.33.47-Kopie-scaled-150x150.jpg",150,150,true],"medium":["https:\/\/www.prairiewind.ch\/newone\/wp-content\/uploads\/2020\/05\/2018-11-25-12.33.47-Kopie-scaled-300x225.jpg",300,225,true],"medium_large":["https:\/\/www.prairiewind.ch\/newone\/wp-content\/uploads\/2020\/05\/2018-11-25-12.33.47-Kopie-scaled-768x576.jpg",768,576,true],"large":["https:\/\/www.prairiewind.ch\/newone\/wp-content\/uploads\/2020\/05\/2018-11-25-12.33.47-Kopie-scaled-1024x768.jpg",1024,768,true],"1536x1536":["https:\/\/www.prairiewind.ch\/newone\/wp-content\/uploads\/2020\/05\/2018-11-25-12.33.47-Kopie-scaled-1536x1152.jpg",1536,1152,true],"2048x2048":["https:\/\/www.prairiewind.ch\/newone\/wp-content\/uploads\/2020\/05\/2018-11-25-12.33.47-Kopie-2048x1536.jpg",2048,1536,true],"hero-banner":["https:\/\/www.prairiewind.ch\/newone\/wp-content\/uploads\/2020\/05\/2018-11-25-12.33.47-Kopie-scaled-450x160.jpg",450,160,true],"category-thumb":["https:\/\/www.prairiewind.ch\/newone\/wp-content\/uploads\/2020\/05\/2018-11-25-12.33.47-Kopie-scaled-200x150.jpg",200,150,true],"woocommerce_thumbnail":["https:\/\/www.prairiewind.ch\/newone\/wp-content\/uploads\/2020\/05\/2018-11-25-12.33.47-Kopie-scaled-188x141.jpg",188,141,true],"woocommerce_single":["https:\/\/www.prairiewind.ch\/newone\/wp-content\/uploads\/2020\/05\/2018-11-25-12.33.47-Kopie-scaled-251x188.jpg",251,188,true],"woocommerce_gallery_thumbnail":["https:\/\/www.prairiewind.ch\/newone\/wp-content\/uploads\/2020\/05\/2018-11-25-12.33.47-Kopie-scaled-100x100.jpg",100,100,true]},"uagb_author_info":{"display_name":"Kurt Weissen","author_link":"https:\/\/www.prairiewind.ch\/newone\/author\/"},"uagb_comment_info":0,"uagb_excerpt":"Moccasins f\u00fcr ein Baby mit Beadwork und Quillwork (Stachelschweinborsten)","_links":{"self":[{"href":"https:\/\/www.prairiewind.ch\/newone\/wp-json\/wp\/v2\/product\/4612","targetHints":{"allow":["GET"]}}],"collection":[{"href":"https:\/\/www.prairiewind.ch\/newone\/wp-json\/wp\/v2\/product"}],"about":[{"href":"https:\/\/www.prairiewind.ch\/newone\/wp-json\/wp\/v2\/types\/product"}],"version-history":[{"count":0,"href":"https:\/\/www.prairiewind.ch\/newone\/wp-json\/wp\/v2\/product\/4612\/revisions"}],"wp:featuredmedia":[{"embeddable":true,"href":"https:\/\/www.prairiewind.ch\/newone\/wp-json\/wp\/v2\/media\/4359"}],"wp:attachment":[{"href":"https:\/\/www.prairiewind.ch\/newone\/wp-json\/wp\/v2\/media?parent=4612"}],"wp:term":[{"taxonomy":"product_brand","embeddable":true,"href":"https:\/\/www.prairiewind.ch\/newone\/wp-json\/wp\/v2\/product_brand?post=4612"},{"taxonomy":"product_cat","embeddable":true,"href":"https:\/\/www.prairiewind.ch\/newone\/wp-json\/wp\/v2\/product_cat?post=4612"},{"taxonomy":"product_tag","embeddable":true,"href":"https:\/\/www.prairiewind.ch\/newone\/wp-json\/wp\/v2\/product_tag?post=4612"}],"curies":[{"name":"wp","href":"https:\/\/api.w.org\/{rel}","templated":true}]}}