{"id":4585,"date":"2020-05-27T22:54:43","date_gmt":"2020-05-27T21:54:43","guid":{"rendered":"https:\/\/www.prairiewind.ch\/newone\/?post_type=product&#038;p=4585"},"modified":"2025-04-26T07:25:53","modified_gmt":"2025-04-26T06:25:53","slug":"1155-aaron-brokeshoulder-shawnee-choktaw-pueblo","status":"publish","type":"product","link":"https:\/\/www.prairiewind.ch\/newone\/produkt\/1155-aaron-brokeshoulder-shawnee-choktaw-pueblo\/","title":{"rendered":"Aaron Brokeshoulder (Shawnee-Choctaw-Kewa) &#8211; Fingerring mit Pueblo"},"content":{"rendered":"<p>Aaron Brokeshoulder, ein renommierter <a href=\"https:\/\/www.prairiewind.ch\/newone\/produkt\/brokeshoulder-pueblo-fingerring-silber\/\">Schmuckdesigner<\/a>, pr\u00e4sentiert einen exquisiten Kewa Fingerring, meisterhaft gefertigt aus hochwertigem, geschw\u00e4rztem Sterlingsilber. Dieses kunstvolle Schmuckst\u00fcck zeichnet sich durch ein detailliertes Pueblomotiv aus, das in seiner Gestaltung die reiche Kultur und Tradition der Pueblo-V\u00f6lker widerspiegelt. Der Ring in Gr\u00f6\u00dfe 8.5 hat einen Innendurchmesser von 1.5 cm und variiert in seiner Breite zwischen 0.5 und 1.3 cm, was ihm ein einzigartiges und dynamisches Aussehen verleiht.<\/p>\n<p>Jedes Detail dieses Rings wurde sorgf\u00e4ltig bearbeitet, um eine perfekte Harmonie von traditioneller Kunst und moderner \u00c4sthetik zu erreichen.<\/p>\n","protected":false},"excerpt":{"rendered":"<p><span style=\"font-size: 100%\">Fingerring aus geschw\u00e4rztem Sterlingsilber mit Pueblomotiv<\/span><\/p>\n<p><span style=\"font-size: 100%\">Gr\u00f6sse: 8.5<\/span><br \/>\n<span style=\"font-size: 100%\">Innendurchmesser: <a href=\"https:\/\/www.prairiewind.ch\/newone\/produkt\/florentine-johnson-zuni-silberfaesschen\/\" data-wpil-monitor-id=\"1624\">1.5 cm<\/a><\/span><br \/>\n<span style=\"font-size: 100%\">Breite: <a href=\"https:\/\/www.prairiewind.ch\/newone\/produkt\/elmer-kee-turkis-ring\/\" data-wpil-monitor-id=\"1195\">0.5 bis 1.3 cm<\/a><\/span><\/p>\n","protected":false},"featured_media":4448,"template":"","meta":{"_uag_custom_page_level_css":"","site-sidebar-layout":"default","site-content-layout":"","ast-site-content-layout":"default","site-content-style":"default","site-sidebar-style":"default","ast-global-header-display":"","ast-banner-title-visibility":"","ast-main-header-display":"","ast-hfb-above-header-display":"","ast-hfb-below-header-display":"","ast-hfb-mobile-header-display":"","site-post-title":"","ast-breadcrumbs-content":"","ast-featured-img":"","footer-sml-layout":"","ast-disable-related-posts":"","theme-transparent-header-meta":"default","adv-header-id-meta":"","stick-header-meta":"","header-above-stick-meta":"","header-main-stick-meta":"","header-below-stick-meta":"","astra-migrate-meta-layouts":"set","ast-page-background-enabled":"default","ast-page-background-meta":{"desktop":{"background-color":"var(--ast-global-color-4)","background-image":"","background-repeat":"repeat","background-position":"center center","background-size":"auto","background-attachment":"scroll","background-type":"","background-media":"","overlay-type":"","overlay-color":"","overlay-opacity":"","overlay-gradient":""},"tablet":{"background-color":"","background-image":"","background-repeat":"repeat","background-position":"center center","background-size":"auto","background-attachment":"scroll","background-type":"","background-media":"","overlay-type":"","overlay-color":"","overlay-opacity":"","overlay-gradient":""},"mobile":{"background-color":"","background-image":"","background-repeat":"repeat","background-position":"center center","background-size":"auto","background-attachment":"scroll","background-type":"","background-media":"","overlay-type":"","overlay-color":"","overlay-opacity":"","overlay-gradient":""}},"ast-content-background-meta":{"desktop":{"background-color":"var(--ast-global-color-5)","background-image":"","background-repeat":"repeat","background-position":"center center","background-size":"auto","background-attachment":"scroll","background-type":"","background-media":"","overlay-type":"","overlay-color":"","overlay-opacity":"","overlay-gradient":""},"tablet":{"background-color":"var(--ast-global-color-5)","background-image":"","background-repeat":"repeat","background-position":"center center","background-size":"auto","background-attachment":"scroll","background-type":"","background-media":"","overlay-type":"","overlay-color":"","overlay-opacity":"","overlay-gradient":""},"mobile":{"background-color":"var(--ast-global-color-5)","background-image":"","background-repeat":"repeat","background-position":"center center","background-size":"auto","background-attachment":"scroll","background-type":"","background-media":"","overlay-type":"","overlay-color":"","overlay-opacity":"","overlay-gradient":""}}},"product_brand":[],"product_cat":[40,46],"product_tag":[857],"class_list":{"0":"post-4585","1":"product","2":"type-product","3":"status-publish","4":"has-post-thumbnail","6":"product_cat-fingerringe","7":"product_cat-fingerringe-navajo","8":"product_tag-kewa","9":"desktop-align-left","10":"tablet-align-left","11":"mobile-align-left","13":"first","14":"instock","15":"shipping-taxable","16":"purchasable","17":"product-type-simple"},"uagb_featured_image_src":{"full":["https:\/\/www.prairiewind.ch\/newone\/wp-content\/uploads\/2020\/05\/1155f-scaled-1.jpg",2048,1536,false],"thumbnail":["https:\/\/www.prairiewind.ch\/newone\/wp-content\/uploads\/2020\/05\/1155f-scaled-1-150x150.jpg",150,150,true],"medium":["https:\/\/www.prairiewind.ch\/newone\/wp-content\/uploads\/2020\/05\/1155f-scaled-1-300x225.jpg",300,225,true],"medium_large":["https:\/\/www.prairiewind.ch\/newone\/wp-content\/uploads\/2020\/05\/1155f-scaled-1-768x576.jpg",768,576,true],"large":["https:\/\/www.prairiewind.ch\/newone\/wp-content\/uploads\/2020\/05\/1155f-scaled-1-1024x768.jpg",1024,768,true],"1536x1536":["https:\/\/www.prairiewind.ch\/newone\/wp-content\/uploads\/2020\/05\/1155f-scaled-1-1536x1152.jpg",1536,1152,true],"2048x2048":["https:\/\/www.prairiewind.ch\/newone\/wp-content\/uploads\/2020\/05\/1155f-scaled-1-2048x1536.jpg",2048,1536,true],"hero-banner":["https:\/\/www.prairiewind.ch\/newone\/wp-content\/uploads\/2020\/05\/1155f-scaled-1-450x160.jpg",450,160,true],"category-thumb":["https:\/\/www.prairiewind.ch\/newone\/wp-content\/uploads\/2020\/05\/1155f-scaled-1-200x150.jpg",200,150,true],"woocommerce_thumbnail":["https:\/\/www.prairiewind.ch\/newone\/wp-content\/uploads\/2020\/05\/1155f-scaled-1-188x141.jpg",188,141,true],"woocommerce_single":["https:\/\/www.prairiewind.ch\/newone\/wp-content\/uploads\/2020\/05\/1155f-scaled-1-251x188.jpg",251,188,true],"woocommerce_gallery_thumbnail":["https:\/\/www.prairiewind.ch\/newone\/wp-content\/uploads\/2020\/05\/1155f-scaled-1-100x100.jpg",100,100,true]},"uagb_author_info":{"display_name":"Kurt Weissen","author_link":"https:\/\/www.prairiewind.ch\/newone\/author\/"},"uagb_comment_info":0,"uagb_excerpt":"Fingerring aus geschw\u00e4rztem Sterlingsilber mit Pueblomotiv Gr\u00f6sse: 8.5 Innendurchmesser: 1.5 cm Breite: 0.5 bis 1.3 cm","_links":{"self":[{"href":"https:\/\/www.prairiewind.ch\/newone\/wp-json\/wp\/v2\/product\/4585","targetHints":{"allow":["GET"]}}],"collection":[{"href":"https:\/\/www.prairiewind.ch\/newone\/wp-json\/wp\/v2\/product"}],"about":[{"href":"https:\/\/www.prairiewind.ch\/newone\/wp-json\/wp\/v2\/types\/product"}],"version-history":[{"count":2,"href":"https:\/\/www.prairiewind.ch\/newone\/wp-json\/wp\/v2\/product\/4585\/revisions"}],"predecessor-version":[{"id":103638,"href":"https:\/\/www.prairiewind.ch\/newone\/wp-json\/wp\/v2\/product\/4585\/revisions\/103638"}],"wp:featuredmedia":[{"embeddable":true,"href":"https:\/\/www.prairiewind.ch\/newone\/wp-json\/wp\/v2\/media\/4448"}],"wp:attachment":[{"href":"https:\/\/www.prairiewind.ch\/newone\/wp-json\/wp\/v2\/media?parent=4585"}],"wp:term":[{"taxonomy":"product_brand","embeddable":true,"href":"https:\/\/www.prairiewind.ch\/newone\/wp-json\/wp\/v2\/product_brand?post=4585"},{"taxonomy":"product_cat","embeddable":true,"href":"https:\/\/www.prairiewind.ch\/newone\/wp-json\/wp\/v2\/product_cat?post=4585"},{"taxonomy":"product_tag","embeddable":true,"href":"https:\/\/www.prairiewind.ch\/newone\/wp-json\/wp\/v2\/product_tag?post=4585"}],"curies":[{"name":"wp","href":"https:\/\/api.w.org\/{rel}","templated":true}]}}