{"id":16053,"date":"2024-01-07T19:04:42","date_gmt":"2024-01-07T18:04:42","guid":{"rendered":"https:\/\/www.prairiewind.ch\/newone\/?post_type=product&#038;p=16053"},"modified":"2026-01-12T08:27:50","modified_gmt":"2026-01-12T06:27:50","slug":"lynn-quam-zuni-sitzender-wolf","status":"publish","type":"product","link":"https:\/\/www.prairiewind.ch\/newone\/produkt\/lynn-quam-zuni-sitzender-wolf\/","title":{"rendered":"Lynn Quam (Zuni) &#8211; sitzender Wolf"},"content":{"rendered":"<p>Lynn Quam, ein K\u00fcnstler der Zuni, hat sein aussergew\u00f6hnliches handwerkliches K\u00f6nnen in der Schaffung einer beeindruckenden Figur unter Beweis gestellt \u2013 einem heulenden, sitzenden Wolf. Dieses Meisterwerk wurde sorgf\u00e4ltig aus Sodalit geformt, einem reichhaltigen blauen Stein, der f\u00fcr seine beruhigenden und heilenden Eigenschaften bekannt ist. Der Wolf, der in der Kultur der Zuni eine tiefe symbolische Bedeutung hat, wird als kraftvolles Symbol f\u00fcr Intelligenz, Freiheit und soziale Verbindung betrachtet.<\/p>\n<p>Was dieses Kunstwerk einzigartig macht, <a href=\"https:\/\/www.prairiewind.ch\/newone\/produkt-schlagwort\/tuerkis\/\" data-wpil-monitor-id=\"297\">ist das exquisit eingearbeitete<\/a> T\u00fcrkis-Inlay. T\u00fcrkis, ein f\u00fcr die <a href=\"https:\/\/www.prairiewind.ch\/newone\/produkt-schlagwort\/anashinabe\/\" data-wpil-monitor-id=\"102\">Anashinabe<\/a> heiliger Stein, steht f\u00fcr Gl\u00fcck und Schutz. Lynn Quam hat mit feiner Pr\u00e4zision eine Herzlinie aus T\u00fcrkis in den <a class=\"wpil_keyword_link\" href=\"https:\/\/www.prairiewind.ch\/newone\/produkt\/jeffrey-yunie-zuni-rennender-wolf\/\" title=\"Jeffrey Yunie (Zuni) &#8211; rennender Wolf\" data-wpil-keyword-link=\"linked\" data-wpil-monitor-id=\"188921\">Wolf<\/a> eingearbeitet, die nicht nur \u00e4sthetisch ansprechend ist, sondern auch eine tiefere Bedeutung hat. Die Herzlinie, oft in der Zuni-Kunst verwendet, symbolisiert den Lebensweg oder die spirituelle Reise eines Lebewesens.<\/p>\n<p>Die Figur hat eine H\u00f6he von 7 cm <a href=\"https:\/\/www.prairiewind.ch\/newone\/produkt-schlagwort\/blackfeet\/\" data-wpil-monitor-id=\"1251\">und<\/a> ist trotz ihrer kompakten Gr\u00f6sse ein beeindruckendes Beispiel f\u00fcr k\u00fcnstlerische Ausdruckskraft. <a href=\"https:\/\/www.prairiewind.ch\/newone\/produkt\/lynn-quam-zuni-heulender-kojote\/\" data-wpil-monitor-id=\"193\">Lynn Quams<\/a> F\u00e4higkeit, traditionelle Zuni-Kunsttechniken mit modernen Einfl\u00fcssen zu verbinden, macht ihr Werk zu einem wahren Kunstobjekt, das sowohl kulturelle Bedeutung als auch zeitlose Sch\u00f6nheit verk\u00f6rpert.<\/p>\n","protected":false},"excerpt":{"rendered":"<p><a href=\"https:\/\/www.prairiewind.ch\/newone\/produkt\/1148-rickell-glendora-booque-zuni\/\" data-wpil-monitor-id=\"333\">Heulender sitzender Wolf<\/a> mit T\u00fcrkis-Inlay als Herzlinie<\/p>\n<p>H\u00f6he: <a href=\"https:\/\/www.prairiewind.ch\/newone\/produkt\/jonathan-quam-zuni-bighorn-sheep-auf-stein\/\" data-wpil-monitor-id=\"1312\">7 cm<\/a><\/p>\n","protected":false},"featured_media":16055,"template":"","meta":{"_uag_custom_page_level_css":"","site-sidebar-layout":"default","site-content-layout":"","ast-site-content-layout":"default","site-content-style":"default","site-sidebar-style":"default","ast-global-header-display":"","ast-banner-title-visibility":"","ast-main-header-display":"","ast-hfb-above-header-display":"","ast-hfb-below-header-display":"","ast-hfb-mobile-header-display":"","site-post-title":"","ast-breadcrumbs-content":"","ast-featured-img":"","footer-sml-layout":"","ast-disable-related-posts":"","theme-transparent-header-meta":"default","adv-header-id-meta":"","stick-header-meta":"","header-above-stick-meta":"","header-main-stick-meta":"","header-below-stick-meta":"","astra-migrate-meta-layouts":"set","ast-page-background-enabled":"default","ast-page-background-meta":{"desktop":{"background-color":"var(--ast-global-color-4)","background-image":"","background-repeat":"repeat","background-position":"center center","background-size":"auto","background-attachment":"scroll","background-type":"","background-media":"","overlay-type":"","overlay-color":"","overlay-opacity":"","overlay-gradient":""},"tablet":{"background-color":"","background-image":"","background-repeat":"repeat","background-position":"center center","background-size":"auto","background-attachment":"scroll","background-type":"","background-media":"","overlay-type":"","overlay-color":"","overlay-opacity":"","overlay-gradient":""},"mobile":{"background-color":"","background-image":"","background-repeat":"repeat","background-position":"center center","background-size":"auto","background-attachment":"scroll","background-type":"","background-media":"","overlay-type":"","overlay-color":"","overlay-opacity":"","overlay-gradient":""}},"ast-content-background-meta":{"desktop":{"background-color":"var(--ast-global-color-5)","background-image":"","background-repeat":"repeat","background-position":"center center","background-size":"auto","background-attachment":"scroll","background-type":"","background-media":"","overlay-type":"","overlay-color":"","overlay-opacity":"","overlay-gradient":""},"tablet":{"background-color":"var(--ast-global-color-5)","background-image":"","background-repeat":"repeat","background-position":"center center","background-size":"auto","background-attachment":"scroll","background-type":"","background-media":"","overlay-type":"","overlay-color":"","overlay-opacity":"","overlay-gradient":""},"mobile":{"background-color":"var(--ast-global-color-5)","background-image":"","background-repeat":"repeat","background-position":"center center","background-size":"auto","background-attachment":"scroll","background-type":"","background-media":"","overlay-type":"","overlay-color":"","overlay-opacity":"","overlay-gradient":""}}},"product_brand":[],"product_cat":[758],"product_tag":[861],"class_list":{"0":"post-16053","1":"product","2":"type-product","3":"status-publish","4":"has-post-thumbnail","6":"product_cat-zuni-steintiere","7":"product_tag-zuni","8":"desktop-align-left","9":"tablet-align-left","10":"mobile-align-left","12":"first","13":"instock","14":"shipping-taxable","15":"purchasable","16":"product-type-simple"},"uagb_featured_image_src":{"full":["https:\/\/www.prairiewind.ch\/newone\/wp-content\/uploads\/2024\/01\/20240107_110450858_iOS-scaled.webp",1920,1440,false],"thumbnail":["https:\/\/www.prairiewind.ch\/newone\/wp-content\/uploads\/2024\/01\/20240107_110450858_iOS-scaled-150x150.webp",150,150,true],"medium":["https:\/\/www.prairiewind.ch\/newone\/wp-content\/uploads\/2024\/01\/20240107_110450858_iOS-scaled-300x225.webp",300,225,true],"medium_large":["https:\/\/www.prairiewind.ch\/newone\/wp-content\/uploads\/2024\/01\/20240107_110450858_iOS-scaled-768x576.webp",768,576,true],"large":["https:\/\/www.prairiewind.ch\/newone\/wp-content\/uploads\/2024\/01\/20240107_110450858_iOS-scaled-1024x768.webp",1024,768,true],"1536x1536":["https:\/\/www.prairiewind.ch\/newone\/wp-content\/uploads\/2024\/01\/20240107_110450858_iOS-scaled-1536x1152.webp",1536,1152,true],"2048x2048":["https:\/\/www.prairiewind.ch\/newone\/wp-content\/uploads\/2024\/01\/20240107_110450858_iOS-2048x1536.webp",1920,1440,true],"hero-banner":["https:\/\/www.prairiewind.ch\/newone\/wp-content\/uploads\/2024\/01\/20240107_110450858_iOS-scaled-450x160.webp",450,160,true],"category-thumb":["https:\/\/www.prairiewind.ch\/newone\/wp-content\/uploads\/2024\/01\/20240107_110450858_iOS-scaled-200x150.webp",200,150,true],"woocommerce_thumbnail":["https:\/\/www.prairiewind.ch\/newone\/wp-content\/uploads\/2024\/01\/20240107_110450858_iOS-scaled-188x141.webp",188,141,true],"woocommerce_single":["https:\/\/www.prairiewind.ch\/newone\/wp-content\/uploads\/2024\/01\/20240107_110450858_iOS-scaled-251x188.webp",251,188,true],"woocommerce_gallery_thumbnail":["https:\/\/www.prairiewind.ch\/newone\/wp-content\/uploads\/2024\/01\/20240107_110450858_iOS-scaled-100x100.webp",100,100,true]},"uagb_author_info":{"display_name":"Kurt Weissen","author_link":"https:\/\/www.prairiewind.ch\/newone\/author\/"},"uagb_comment_info":0,"uagb_excerpt":"Heulender sitzender Wolf mit T\u00fcrkis-Inlay als Herzlinie H\u00f6he: 7 cm","_links":{"self":[{"href":"https:\/\/www.prairiewind.ch\/newone\/wp-json\/wp\/v2\/product\/16053","targetHints":{"allow":["GET"]}}],"collection":[{"href":"https:\/\/www.prairiewind.ch\/newone\/wp-json\/wp\/v2\/product"}],"about":[{"href":"https:\/\/www.prairiewind.ch\/newone\/wp-json\/wp\/v2\/types\/product"}],"version-history":[{"count":2,"href":"https:\/\/www.prairiewind.ch\/newone\/wp-json\/wp\/v2\/product\/16053\/revisions"}],"predecessor-version":[{"id":112022,"href":"https:\/\/www.prairiewind.ch\/newone\/wp-json\/wp\/v2\/product\/16053\/revisions\/112022"}],"wp:featuredmedia":[{"embeddable":true,"href":"https:\/\/www.prairiewind.ch\/newone\/wp-json\/wp\/v2\/media\/16055"}],"wp:attachment":[{"href":"https:\/\/www.prairiewind.ch\/newone\/wp-json\/wp\/v2\/media?parent=16053"}],"wp:term":[{"taxonomy":"product_brand","embeddable":true,"href":"https:\/\/www.prairiewind.ch\/newone\/wp-json\/wp\/v2\/product_brand?post=16053"},{"taxonomy":"product_cat","embeddable":true,"href":"https:\/\/www.prairiewind.ch\/newone\/wp-json\/wp\/v2\/product_cat?post=16053"},{"taxonomy":"product_tag","embeddable":true,"href":"https:\/\/www.prairiewind.ch\/newone\/wp-json\/wp\/v2\/product_tag?post=16053"}],"curies":[{"name":"wp","href":"https:\/\/api.w.org\/{rel}","templated":true}]}}