{"id":20230,"date":"2024-11-23T09:34:16","date_gmt":"2024-11-23T08:34:16","guid":{"rendered":"https:\/\/www.prairiewind.ch\/newone\/?page_id=20230"},"modified":"2025-11-06T18:54:50","modified_gmt":"2025-11-06T16:54:50","slug":"silberschmiedekunst-zuni","status":"publish","type":"page","link":"https:\/\/www.prairiewind.ch\/newone\/silberschmiedekunst-zuni\/","title":{"rendered":"Silberschmiedekunst der Zuni"},"content":{"rendered":"\t\t<div data-elementor-type=\"wp-page\" data-elementor-id=\"20230\" class=\"elementor elementor-20230\" data-elementor-post-type=\"page\">\n\t\t\t\t\t\t<section class=\"elementor-section elementor-top-section elementor-element elementor-element-a897287 elementor-section-stretched elementor-section-boxed elementor-section-height-default elementor-section-height-default\" data-id=\"a897287\" data-element_type=\"section\" data-e-type=\"section\" data-settings=\"{&quot;stretch_section&quot;:&quot;section-stretched&quot;}\">\n\t\t\t\t\t\t<div class=\"elementor-container elementor-column-gap-default\">\n\t\t\t\t\t<div class=\"elementor-column elementor-col-100 elementor-top-column elementor-element elementor-element-4cd08ca\" data-id=\"4cd08ca\" data-element_type=\"column\" data-e-type=\"column\">\n\t\t\t<div class=\"elementor-widget-wrap elementor-element-populated\">\n\t\t\t\t\t\t<div class=\"elementor-element elementor-element-4e332f5 elementor-widget elementor-widget-heading\" data-id=\"4e332f5\" data-element_type=\"widget\" data-e-type=\"widget\" data-widget_type=\"heading.default\">\n\t\t\t\t<div class=\"elementor-widget-container\">\n\t\t\t\t\t<h1 class=\"elementor-heading-title elementor-size-default\">Der Schmuck der Zuni<\/h1>\t\t\t\t<\/div>\n\t\t\t\t<\/div>\n\t\t\t\t<div class=\"elementor-element elementor-element-f3ec256 gm-text-col-2 elementor-widget elementor-widget-text-editor\" data-id=\"f3ec256\" data-element_type=\"widget\" data-e-type=\"widget\" data-widget_type=\"text-editor.default\">\n\t\t\t\t<div class=\"elementor-widget-container\">\n\t\t\t\t\t\t\t\t\t<p>Die Zuni, ein Pueblo-Volk aus dem heutigen New Mexico, sind weltweit f\u00fcr ihre au\u00dfergew\u00f6hnliche Kunstfertigkeit bekannt. Besonders hervorzuheben ist ihre Silberschmiedekunst, die durch filigrane Arbeiten und die detailreiche Verwendung von Edelsteinen wie T\u00fcrkis besticht. Die Schmuckst\u00fccke der Zuni erz\u00e4hlen Geschichten ihrer Kultur und Spiritualit\u00e4t, w\u00e4hrend sie zugleich technische Meisterwerke sind.<\/p>\t\t\t\t\t\t\t\t<\/div>\n\t\t\t\t<\/div>\n\t\t\t\t<div class=\"elementor-element elementor-element-735d1d1 elementor-widget elementor-widget-heading\" data-id=\"735d1d1\" data-element_type=\"widget\" data-e-type=\"widget\" data-widget_type=\"heading.default\">\n\t\t\t\t<div class=\"elementor-widget-container\">\n\t\t\t\t\t<h2 class=\"elementor-heading-title elementor-size-default\">Die Urspr\u00fcnge der Zuni-Schmuckherstellung<\/h2>\t\t\t\t<\/div>\n\t\t\t\t<\/div>\n\t\t\t\t<div class=\"elementor-element elementor-element-d19d78a gm-text-col-2 elementor-widget elementor-widget-text-editor\" data-id=\"d19d78a\" data-element_type=\"widget\" data-e-type=\"widget\" data-widget_type=\"text-editor.default\">\n\t\t\t\t<div class=\"elementor-widget-container\">\n\t\t\t\t\t\t\t\t\t<p>Die Silberschmiedekunst wurde den <a class=\"wpil_keyword_link\" href=\"https:\/\/www.prairiewind.ch\/newone\/produkt\/lynn-quam-zuni-sitzender-wolf\/\"   title=\"Lynn Quam (Zuni) &#8211; sitzender Wolf\" data-wpil-keyword-link=\"linked\"  data-wpil-monitor-id=\"116670\">Zuni<\/a> im 19. Jahrhundert durch die <a href=\"https:\/\/www.prairiewind.ch\/newone\/silberschmiede-der-navajo\/\" data-wpil-monitor-id=\"2093\">Navajo<\/a> n\u00e4hergebracht. Die <a class=\"wpil_keyword_link\" href=\"https:\/\/www.prairiewind.ch\/newone\/produkt\/michael-mahooty-zuni-pferd-mit-buendel\/\"   title=\"Michael Mahooty (Zuni) &#8211; Pferd mit B\u00fcndel\" data-wpil-keyword-link=\"linked\"  data-wpil-monitor-id=\"138428\">Zuni<\/a> entwickelten schnell ihren eigenen Stil, der sich von anderen St\u00e4mmen durch einen besonderen Fokus auf Stein- und Inlay-Arbeiten unterscheidet. Ihre <a href=\"https:\/\/www.prairiewind.ch\/newone\/produkt\/lenore-cheykaychi-kewa-hopi-lange-ohrhaenger\/\" data-wpil-monitor-id=\"2230\">Designs sind oft detailreicher<\/a> und symbolischer Natur, mit einem Schwerpunkt auf der Pr\u00e4zision in der Verarbeitung.<\/p>\t\t\t\t\t\t\t\t<\/div>\n\t\t\t\t<\/div>\n\t\t\t\t<div class=\"elementor-element elementor-element-2f237f1 elementor-widget elementor-widget-heading\" data-id=\"2f237f1\" data-element_type=\"widget\" data-e-type=\"widget\" data-widget_type=\"heading.default\">\n\t\t\t\t<div class=\"elementor-widget-container\">\n\t\t\t\t\t<h2 class=\"elementor-heading-title elementor-size-default\">Charakteristische Designs und Techniken<\/h2>\t\t\t\t<\/div>\n\t\t\t\t<\/div>\n\t\t\t\t<div class=\"elementor-element elementor-element-673b673 gm-text-col-2 elementor-widget elementor-widget-text-editor\" data-id=\"673b673\" data-element_type=\"widget\" data-e-type=\"widget\" data-widget_type=\"text-editor.default\">\n\t\t\t\t<div class=\"elementor-widget-container\">\n\t\t\t\t\t\t\t\t\t<p>Die <a href=\"https:\/\/www.prairiewind.ch\/newone\/produkt\/trinnie-neha-zuni-mini-ohrstecker\/\"  data-wpil-monitor-id=\"2142\">Zuni haben<\/a> sich durch verschiedene charakteristische Techniken einen Namen gemacht:<\/p><ul><li><strong>Inlay-Technik<\/strong>: Kleine St\u00fccke aus <a href=\"https:\/\/www.prairiewind.ch\/newone\/produkt\/shannon-tenorio-kewa-muschelanhaenger-mit-inlay\/\"  data-wpil-monitor-id=\"2070\">T\u00fcrkis<\/a>, Koralle, Perlmutt und Jet werden pr\u00e4zise in Silber eingefasst, um komplexe Muster und Darstellungen zu schaffen. Typisch sind <a href=\"https:\/\/www.prairiewind.ch\/newone\/produkt\/arvella-cheama-zuni-prairie-dog\/\"  data-wpil-monitor-id=\"2279\">Tierfiguren, Regenbogenmotive<\/a> und spirituelle Symbole.<\/li><li><strong><a href=\"https:\/\/www.prairiewind.ch\/newone\/produkt\/morris-begay-navajo-armreif-mit-channel-inlay\/\"  data-wpil-monitor-id=\"2062\">Channel Inlay<\/a><\/strong>: Eine Variante des Inlays, bei der die Steine durch feine Silberstreifen getrennt sind, was den Designs Tiefe und Struktur verleiht.<\/li><li><strong>Petit Point<\/strong>: <a href=\"https:\/\/www.prairiewind.ch\/newone\/produkt\/trinnie-neha-zuni-runde-ohrstecker\/\"  data-wpil-monitor-id=\"2144\">Eine Technik, bei der winzige<\/a>, tropfenf\u00f6rmige oder ovale Steine auf Silberplatten gesetzt werden. Diese Technik erfordert extrem hohe Pr\u00e4zision und ist ein <a href=\"https:\/\/www.prairiewind.ch\/newone\/produkt\/jeffrey-yunie-zuni-rennender-wolf\/\"  data-wpil-monitor-id=\"2182\">Markenzeichen der Zuni<\/a>.<\/li><li><strong>Cluster-Arbeiten<\/strong>: Schmuckst\u00fccke, bei <a href=\"https:\/\/www.prairiewind.ch\/newone\/produkt\/suzette-lementino-zuni-waschbaer\/\"  data-wpil-monitor-id=\"2282\">denen mehrere<\/a> kleine T\u00fcrkis- oder Korallsteine in symmetrischen Mustern gruppiert sind.<\/li><\/ul>\t\t\t\t\t\t\t\t<\/div>\n\t\t\t\t<\/div>\n\t\t\t\t<div class=\"elementor-element elementor-element-94a70bb elementor-widget elementor-widget-heading\" data-id=\"94a70bb\" data-element_type=\"widget\" data-e-type=\"widget\" data-widget_type=\"heading.default\">\n\t\t\t\t<div class=\"elementor-widget-container\">\n\t\t\t\t\t<h2 class=\"elementor-heading-title elementor-size-default\">Symbolik und Spiritualit\u00e4t<\/h2>\t\t\t\t<\/div>\n\t\t\t\t<\/div>\n\t\t\t\t<div class=\"elementor-element elementor-element-ff45041 gm-text-col-2 elementor-widget elementor-widget-text-editor\" data-id=\"ff45041\" data-element_type=\"widget\" data-e-type=\"widget\" data-widget_type=\"text-editor.default\">\n\t\t\t\t<div class=\"elementor-widget-container\">\n\t\t\t\t\t\t\t\t\t<p>Die Designs der <a href=\"https:\/\/www.prairiewind.ch\/newone\/produkt\/henry-owelicio-zuni-golfballmarker\/\"  data-wpil-monitor-id=\"2184\">Zuni haben oft<\/a> tiefgehende spirituelle Bedeutungen. H\u00e4ufig vorkommende Motive sind:<\/p><ul><li><strong>Vogel- und Tierdarstellungen<\/strong>: Diese stehen symbolisch f\u00fcr bestimmte Eigenschaften, wie die Weisheit der Eule oder den <a href=\"https:\/\/www.prairiewind.ch\/newone\/produkt\/rosella-lunasee-zuni-sitzender-baer\/\"  data-wpil-monitor-id=\"2290\">Schutz des B\u00e4ren<\/a>.<\/li><li><strong>Regenbogen und Wasserlinien<\/strong>: Diese Motive symbolisieren Wohlstand und Fruchtbarkeit, da Wasser in der W\u00fcstenlandschaft der <a href=\"https:\/\/www.prairiewind.ch\/newone\/produkt\/121006-gloria-chattin-zuni-cornmaiden-skulptur\/\"  data-wpil-monitor-id=\"2196\">Zuni von zentraler<\/a> Bedeutung ist.<\/li><li><strong>Kachinas<\/strong>: Spirituelle Figuren, die als Mittler zwischen Menschen und G\u00f6ttern gelten, werden ebenfalls oft in <a href=\"https:\/\/www.prairiewind.ch\/newone\/produkt\/brodie-coonsis-zuni-vielfarbiger-armreif\/\"  data-wpil-monitor-id=\"2270\">Schmuckst\u00fccken dargestellt<\/a>.<\/li><\/ul>\t\t\t\t\t\t\t\t<\/div>\n\t\t\t\t<\/div>\n\t\t\t\t<section class=\"elementor-section elementor-inner-section elementor-element elementor-element-05c7f6c elementor-section-boxed elementor-section-height-default elementor-section-height-default\" data-id=\"05c7f6c\" data-element_type=\"section\" data-e-type=\"section\">\n\t\t\t\t\t\t<div class=\"elementor-container elementor-column-gap-default\">\n\t\t\t\t\t<div class=\"elementor-column elementor-col-50 elementor-inner-column elementor-element elementor-element-9a27d62\" data-id=\"9a27d62\" data-element_type=\"column\" data-e-type=\"column\">\n\t\t\t<div class=\"elementor-widget-wrap elementor-element-populated\">\n\t\t\t\t\t\t<div class=\"elementor-element elementor-element-cefe02e elementor-widget elementor-widget-image\" data-id=\"cefe02e\" data-element_type=\"widget\" data-e-type=\"widget\" data-widget_type=\"image.default\">\n\t\t\t\t<div class=\"elementor-widget-container\">\n\t\t\t\t\t\t\t\t\t\t\t\t<figure class=\"wp-caption\">\n\t\t\t\t\t\t\t\t\t\t\t<a href=\"https:\/\/www.prairiewind.ch\/newone\/produkt\/eugene-bowekaty-zuni-federanhaenger\/\">\n\t\t\t\t\t\t\t<img fetchpriority=\"high\" decoding=\"async\" width=\"300\" height=\"225\" src=\"https:\/\/www.prairiewind.ch\/newone\/wp-content\/uploads\/2021\/05\/ios-32-scaled-300x225.webp\" class=\"attachment-medium size-medium wp-image-6775\" alt=\"EugeneBowekaty(Zuni)&amp;#;Federanh\u00e4nger\" srcset=\"https:\/\/www.prairiewind.ch\/newone\/wp-content\/uploads\/2021\/05\/ios-32-scaled-300x225.webp 300w, https:\/\/www.prairiewind.ch\/newone\/wp-content\/uploads\/2021\/05\/ios-32-scaled-1024x768.webp 1024w, https:\/\/www.prairiewind.ch\/newone\/wp-content\/uploads\/2021\/05\/ios-32-scaled-768x576.webp 768w, https:\/\/www.prairiewind.ch\/newone\/wp-content\/uploads\/2021\/05\/ios-32-scaled-1536x1152.webp 1536w, https:\/\/www.prairiewind.ch\/newone\/wp-content\/uploads\/2021\/05\/ios-32-scaled-200x150.webp 200w, https:\/\/www.prairiewind.ch\/newone\/wp-content\/uploads\/2021\/05\/ios-32-scaled.webp 1920w, https:\/\/www.prairiewind.ch\/newone\/wp-content\/uploads\/2021\/05\/ios-32-scaled-188x141.webp 188w, https:\/\/www.prairiewind.ch\/newone\/wp-content\/uploads\/2021\/05\/ios-32-scaled-251x188.webp 251w, https:\/\/www.prairiewind.ch\/newone\/wp-content\/uploads\/2021\/05\/ios-32-scaled-800x600.webp 800w\" sizes=\"(max-width: 300px) 100vw, 300px\" title=\"\">\t\t\t\t\t\t\t\t<\/a>\n\t\t\t\t\t\t\t\t\t\t\t<figcaption class=\"widget-image-caption wp-caption-text\">Eugene Bowekaty<\/figcaption>\n\t\t\t\t\t\t\t\t\t\t<\/figure>\n\t\t\t\t\t\t\t\t\t<\/div>\n\t\t\t\t<\/div>\n\t\t\t\t\t<\/div>\n\t\t<\/div>\n\t\t\t\t<div class=\"elementor-column elementor-col-50 elementor-inner-column elementor-element elementor-element-279ad07\" data-id=\"279ad07\" data-element_type=\"column\" data-e-type=\"column\">\n\t\t\t<div class=\"elementor-widget-wrap elementor-element-populated\">\n\t\t\t\t\t\t<div class=\"elementor-element elementor-element-9e04cc8 elementor-widget elementor-widget-image\" data-id=\"9e04cc8\" data-element_type=\"widget\" data-e-type=\"widget\" data-widget_type=\"image.default\">\n\t\t\t\t<div class=\"elementor-widget-container\">\n\t\t\t\t\t\t\t\t\t\t\t\t<figure class=\"wp-caption\">\n\t\t\t\t\t\t\t\t\t\t\t<a href=\"https:\/\/www.prairiewind.ch\/newone\/produkt\/mckenzie-nastacio-zuni-bolo-tie-mit-mosaic-inlay\/\">\n\t\t\t\t\t\t\t<img decoding=\"async\" width=\"300\" height=\"225\" src=\"https:\/\/www.prairiewind.ch\/newone\/wp-content\/uploads\/2020\/11\/20201125_221829666_iOS-scaled-300x225.webp\" class=\"attachment-medium size-medium wp-image-5575\" alt=\"McKenzieNastacio(Zuni)&amp;#;BoloTiemitMosaicInlay\" srcset=\"https:\/\/www.prairiewind.ch\/newone\/wp-content\/uploads\/2020\/11\/20201125_221829666_iOS-scaled-300x225.webp 300w, https:\/\/www.prairiewind.ch\/newone\/wp-content\/uploads\/2020\/11\/20201125_221829666_iOS-scaled-1024x768.webp 1024w, https:\/\/www.prairiewind.ch\/newone\/wp-content\/uploads\/2020\/11\/20201125_221829666_iOS-scaled-768x576.webp 768w, https:\/\/www.prairiewind.ch\/newone\/wp-content\/uploads\/2020\/11\/20201125_221829666_iOS-scaled-1536x1152.webp 1536w, https:\/\/www.prairiewind.ch\/newone\/wp-content\/uploads\/2020\/11\/20201125_221829666_iOS-scaled-200x150.webp 200w, https:\/\/www.prairiewind.ch\/newone\/wp-content\/uploads\/2020\/11\/20201125_221829666_iOS-scaled.webp 1920w, https:\/\/www.prairiewind.ch\/newone\/wp-content\/uploads\/2020\/11\/20201125_221829666_iOS-scaled-188x141.webp 188w, https:\/\/www.prairiewind.ch\/newone\/wp-content\/uploads\/2020\/11\/20201125_221829666_iOS-scaled-251x188.webp 251w, https:\/\/www.prairiewind.ch\/newone\/wp-content\/uploads\/2020\/11\/20201125_221829666_iOS-scaled-800x600.webp 800w\" sizes=\"(max-width: 300px) 100vw, 300px\" title=\"\">\t\t\t\t\t\t\t\t<\/a>\n\t\t\t\t\t\t\t\t\t\t\t<figcaption class=\"widget-image-caption wp-caption-text\">McKenzie <a class=\"wpil_keyword_link\" href=\"https:\/\/www.prairiewind.ch\/newone\/produkt\/mckenzie-nastacio-zuni-bolo-tie-mit-mosaic-inlay\/\" title=\"McKenzie Nastacio (Zuni) &#8211; Bolo Tie mit Mosaic Inlay\" data-wpil-keyword-link=\"linked\" data-wpil-monitor-id=\"4784\">Nastacio<\/a><\/figcaption>\n\t\t\t\t\t\t\t\t\t\t<\/figure>\n\t\t\t\t\t\t\t\t\t<\/div>\n\t\t\t\t<\/div>\n\t\t\t\t\t<\/div>\n\t\t<\/div>\n\t\t\t\t\t<\/div>\n\t\t<\/section>\n\t\t\t\t<div class=\"elementor-element elementor-element-a33de79 elementor-widget elementor-widget-heading\" data-id=\"a33de79\" data-element_type=\"widget\" data-e-type=\"widget\" data-widget_type=\"heading.default\">\n\t\t\t\t<div class=\"elementor-widget-container\">\n\t\t\t\t\t<h2 class=\"elementor-heading-title elementor-size-default\">Einzigartige Techniken und Handwerkskunst<\/h2>\t\t\t\t<\/div>\n\t\t\t\t<\/div>\n\t\t\t\t<div class=\"elementor-element elementor-element-3c199ac elementor-widget elementor-widget-text-editor\" data-id=\"3c199ac\" data-element_type=\"widget\" data-e-type=\"widget\" data-widget_type=\"text-editor.default\">\n\t\t\t\t<div class=\"elementor-widget-container\">\n\t\t\t\t\t\t\t\t\t<p>Die Silberschmiedekunst der Zuni ist weit mehr als Schmuck \u2013 sie ist <a href=\"https:\/\/www.prairiewind.ch\/newone\/produkt\/181003-delores-tootsie-hopi-schale-in-form-eines-vogels\/\" data-wpil-monitor-id=\"2194\">ein Ausdruck<\/a> von Kultur, Spiritualit\u00e4t und Geschichte. <a class=\"wpil_keyword_link\" href=\"https:\/\/www.prairiewind.ch\/newone\/bestellung-storniert\/\"   title=\"Bestellung storniert\" data-wpil-keyword-link=\"linked\"  data-wpil-monitor-id=\"172801\">Ihre<\/a> Werke sind ein Beweis f\u00fcr die au\u00dfergew\u00f6hnliche Pr\u00e4zision und Kreativit\u00e4t der Zuni-K\u00fcnstler, die ihre Traditionen bewahren und zugleich innovative Wege beschreiten.<\/p>\t\t\t\t\t\t\t\t<\/div>\n\t\t\t\t<\/div>\n\t\t\t\t\t<\/div>\n\t\t<\/div>\n\t\t\t\t\t<\/div>\n\t\t<\/section>\n\t\t\t\t<\/div>\n\t\t","protected":false},"excerpt":{"rendered":"<p>prairie wind verkauft den Kunden (nachfolgend &#171;Kunde&#187; genannt) die im Online Store (prairiewind.ch, prairiewind.biz, prairiewind.de, prairie-wind.com) spezifizierten Waren zu den nachstehend aufgef\u00fchrten Liefer- und Verkaufsbedingungen (AGB). Die von prairie wind gespeicherten Daten gelten als Beweis f\u00fcr s\u00e4mtliche zwischen prairie wind und ihren Kunden stattgefundenen Transaktionen.<\/p>\n","protected":false},"author":2,"featured_media":0,"parent":0,"menu_order":0,"comment_status":"closed","ping_status":"closed","template":"elementor_header_footer","meta":{"_uag_custom_page_level_css":"","site-sidebar-layout":"default","site-content-layout":"","ast-site-content-layout":"default","site-content-style":"default","site-sidebar-style":"default","ast-global-header-display":"","ast-banner-title-visibility":"","ast-main-header-display":"","ast-hfb-above-header-display":"","ast-hfb-below-header-display":"","ast-hfb-mobile-header-display":"","site-post-title":"","ast-breadcrumbs-content":"","ast-featured-img":"","footer-sml-layout":"","ast-disable-related-posts":"","theme-transparent-header-meta":"default","adv-header-id-meta":"","stick-header-meta":"","header-above-stick-meta":"","header-main-stick-meta":"","header-below-stick-meta":"","astra-migrate-meta-layouts":"set","ast-page-background-enabled":"default","ast-page-background-meta":{"desktop":{"background-color":"var(--ast-global-color-4)","background-image":"","background-repeat":"repeat","background-position":"center center","background-size":"auto","background-attachment":"scroll","background-type":"","background-media":"","overlay-type":"","overlay-color":"","overlay-opacity":"","overlay-gradient":""},"tablet":{"background-color":"","background-image":"","background-repeat":"repeat","background-position":"center center","background-size":"auto","background-attachment":"scroll","background-type":"","background-media":"","overlay-type":"","overlay-color":"","overlay-opacity":"","overlay-gradient":""},"mobile":{"background-color":"","background-image":"","background-repeat":"repeat","background-position":"center center","background-size":"auto","background-attachment":"scroll","background-type":"","background-media":"","overlay-type":"","overlay-color":"","overlay-opacity":"","overlay-gradient":""}},"ast-content-background-meta":{"desktop":{"background-color":"var(--ast-global-color-5)","background-image":"","background-repeat":"repeat","background-position":"center center","background-size":"auto","background-attachment":"scroll","background-type":"","background-media":"","overlay-type":"","overlay-color":"","overlay-opacity":"","overlay-gradient":""},"tablet":{"background-color":"var(--ast-global-color-5)","background-image":"","background-repeat":"repeat","background-position":"center center","background-size":"auto","background-attachment":"scroll","background-type":"","background-media":"","overlay-type":"","overlay-color":"","overlay-opacity":"","overlay-gradient":""},"mobile":{"background-color":"var(--ast-global-color-5)","background-image":"","background-repeat":"repeat","background-position":"center center","background-size":"auto","background-attachment":"scroll","background-type":"","background-media":"","overlay-type":"","overlay-color":"","overlay-opacity":"","overlay-gradient":""}},"footnotes":""},"class_list":["post-20230","page","type-page","status-publish","hentry"],"uagb_featured_image_src":{"full":false,"thumbnail":false,"medium":false,"medium_large":false,"large":false,"1536x1536":false,"2048x2048":false,"hero-banner":false,"category-thumb":false,"woocommerce_thumbnail":false,"woocommerce_single":false,"woocommerce_gallery_thumbnail":false},"uagb_author_info":{"display_name":"Kurt Weissen","author_link":"https:\/\/www.prairiewind.ch\/newone\/author\/kurt-weissen\/"},"uagb_comment_info":0,"uagb_excerpt":"prairie wind verkauft den Kunden (nachfolgend \"Kunde\" genannt) die im Online Store (prairiewind.ch, prairiewind.biz, prairiewind.de, prairie-wind.com) spezifizierten Waren zu den nachstehend aufgef\u00fchrten Liefer- und Verkaufsbedingungen (AGB). Die von prairie wind gespeicherten Daten gelten als Beweis f\u00fcr s\u00e4mtliche zwischen prairie wind und ihren Kunden stattgefundenen Transaktionen.","_links":{"self":[{"href":"https:\/\/www.prairiewind.ch\/newone\/wp-json\/wp\/v2\/pages\/20230","targetHints":{"allow":["GET"]}}],"collection":[{"href":"https:\/\/www.prairiewind.ch\/newone\/wp-json\/wp\/v2\/pages"}],"about":[{"href":"https:\/\/www.prairiewind.ch\/newone\/wp-json\/wp\/v2\/types\/page"}],"author":[{"embeddable":true,"href":"https:\/\/www.prairiewind.ch\/newone\/wp-json\/wp\/v2\/users\/2"}],"replies":[{"embeddable":true,"href":"https:\/\/www.prairiewind.ch\/newone\/wp-json\/wp\/v2\/comments?post=20230"}],"version-history":[{"count":1,"href":"https:\/\/www.prairiewind.ch\/newone\/wp-json\/wp\/v2\/pages\/20230\/revisions"}],"predecessor-version":[{"id":68455,"href":"https:\/\/www.prairiewind.ch\/newone\/wp-json\/wp\/v2\/pages\/20230\/revisions\/68455"}],"wp:attachment":[{"href":"https:\/\/www.prairiewind.ch\/newone\/wp-json\/wp\/v2\/media?parent=20230"}],"curies":[{"name":"wp","href":"https:\/\/api.w.org\/{rel}","templated":true}]}}