{"id":20137,"date":"2024-11-22T19:13:23","date_gmt":"2024-11-22T18:13:23","guid":{"rendered":"https:\/\/www.prairiewind.ch\/newone\/?page_id=20137"},"modified":"2026-03-08T16:41:26","modified_gmt":"2026-03-08T14:41:26","slug":"silberschmiedekunst-hopi","status":"publish","type":"page","link":"https:\/\/www.prairiewind.ch\/newone\/silberschmiedekunst-hopi\/","title":{"rendered":"Silberschmiedekunst der Hopi"},"content":{"rendered":"\t\t<div data-elementor-type=\"wp-page\" data-elementor-id=\"20137\" class=\"elementor elementor-20137\" data-elementor-post-type=\"page\">\n\t\t\t\t\t\t<section class=\"elementor-section elementor-top-section elementor-element elementor-element-a897287 elementor-section-stretched elementor-section-boxed elementor-section-height-default elementor-section-height-default\" data-id=\"a897287\" data-element_type=\"section\" data-e-type=\"section\" data-settings=\"{&quot;stretch_section&quot;:&quot;section-stretched&quot;}\">\n\t\t\t\t\t\t<div class=\"elementor-container elementor-column-gap-default\">\n\t\t\t\t\t<div class=\"elementor-column elementor-col-100 elementor-top-column elementor-element elementor-element-4cd08ca\" data-id=\"4cd08ca\" data-element_type=\"column\" data-e-type=\"column\">\n\t\t\t<div class=\"elementor-widget-wrap elementor-element-populated\">\n\t\t\t\t\t\t<div class=\"elementor-element elementor-element-4e332f5 elementor-widget elementor-widget-heading\" data-id=\"4e332f5\" data-element_type=\"widget\" data-e-type=\"widget\" data-widget_type=\"heading.default\">\n\t\t\t\t<div class=\"elementor-widget-container\">\n\t\t\t\t\t<h1 class=\"elementor-heading-title elementor-size-default\">Die Silberschmiedekunst der Hopi<\/h1>\t\t\t\t<\/div>\n\t\t\t\t<\/div>\n\t\t\t\t<div class=\"elementor-element elementor-element-f3ec256 gm-text-col-2 elementor-widget elementor-widget-text-editor\" data-id=\"f3ec256\" data-element_type=\"widget\" data-e-type=\"widget\" data-widget_type=\"text-editor.default\">\n\t\t\t\t<div class=\"elementor-widget-container\">\n\t\t\t\t\t\t\t\t\tDie Silberschmiedekunst der Hopi aus dem S\u00fcdwesten der Vereinigten Staaten ist ein bemerkenswertes Beispiel f\u00fcr die Symbiose aus kultureller Tradition und k\u00fcnstlerischer Innovation. Ihre einzigartigen Designs und die charakteristische Technik des\u00a0haben sie zu einem herausragenden Vertreter indigener Kunst gemacht.<\/span>\t\t\t\t\t\t\t\t<\/div>\n\t\t\t\t<\/div>\n\t\t\t\t<div class=\"elementor-element elementor-element-735d1d1 elementor-widget elementor-widget-heading\" data-id=\"735d1d1\" data-element_type=\"widget\" data-e-type=\"widget\" data-widget_type=\"heading.default\">\n\t\t\t\t<div class=\"elementor-widget-container\">\n\t\t\t\t\t<h2 class=\"elementor-heading-title elementor-size-default\">Die Wurzeln der Hopi-Silberschmiede<\/h2>\t\t\t\t<\/div>\n\t\t\t\t<\/div>\n\t\t\t\t<div class=\"elementor-element elementor-element-d19d78a gm-text-col-2 elementor-widget elementor-widget-text-editor\" data-id=\"d19d78a\" data-element_type=\"widget\" data-e-type=\"widget\" data-widget_type=\"text-editor.default\">\n\t\t\t\t<div class=\"elementor-widget-container\">\n\t\t\t\t\t\t\t\t\tDie Silberschmiedekunst der Hopi begann Anfang des 20. Jahrhunderts, inspiriert durch den kulturellen Austausch <a href=\"https:\/\/www.prairiewind.ch\/newone\/produkt\/paul-coriz-kewa-grosse-haarspange-mit-mosaik\/\" data-wpil-monitor-id=\"2159\">mit<\/a> den benachbarten Navajo- und Zuni-St\u00e4mmen, die das Silberschmieden von mexikanischen Kunsthandwerkern \u00fcbernahmen. Die <a href=\"https:\/\/www.prairiewind.ch\/newone\/produkt-schlagwort\/hopi\/\" data-wpil-monitor-id=\"2146\">Hopi jedoch<\/a> entwickelten schnell ihren eigenen Stil, der tief in ihrer spirituellen Weltanschauung verwurzelt ist.\t\t\t\t\t\t\t\t<\/div>\n\t\t\t\t<\/div>\n\t\t\t\t<div class=\"elementor-element elementor-element-2f237f1 elementor-widget elementor-widget-heading\" data-id=\"2f237f1\" data-element_type=\"widget\" data-e-type=\"widget\" data-widget_type=\"heading.default\">\n\t\t\t\t<div class=\"elementor-widget-container\">\n\t\t\t\t\t<h2 class=\"elementor-heading-title elementor-size-default\">Der Overlay-Stil: Eine technische Meisterleistung<\/h2>\t\t\t\t<\/div>\n\t\t\t\t<\/div>\n\t\t\t\t<div class=\"elementor-element elementor-element-673b673 gm-text-col-2 elementor-widget elementor-widget-text-editor\" data-id=\"673b673\" data-element_type=\"widget\" data-e-type=\"widget\" data-widget_type=\"text-editor.default\">\n\t\t\t\t<div class=\"elementor-widget-container\">\n\t\t\t\t\t\t\t\t\tDer Overlay-Stil, f\u00fcr den die Hopi ber\u00fchmt sind, besteht aus zwei Silberschichten: Die obere Schicht wird aufwendig von Hand mit <a href=\"https:\/\/www.prairiewind.ch\/newone\/produkt\/verna-kaskalla-zuni-kette\/\" data-wpil-monitor-id=\"2102\">traditionellen<\/a> Motiven wie Spiralen, Tierfiguren oder Symbolen der Natur durchbrochen. Diese wird auf eine polierte oder geschw\u00e4rzte untere Schicht gel\u00f6tet, wodurch ein beeindruckender Kontrast entsteht.<\/p>\nDie Motive repr\u00e4sentieren oft Elemente aus der Hopi-Mythologie und -Kosmologie, wie den Sch\u00f6pfergeist Tawa, <a href=\"https:\/\/www.prairiewind.ch\/newone\/produkt\/121010-paul-coriz-kewa-kleine-inlay-klammer\/\" data-wpil-monitor-id=\"2212\">die Geister der Kachina<\/a> oder die Bedeutung von Regen und Mais, die essenziell f\u00fcr die Hopi-Kultur sind.<\/p>\t\t\t\t\t\t\t\t<\/div>\n\t\t\t\t<\/div>\n\t\t\t\t<div class=\"elementor-element elementor-element-94a70bb elementor-widget elementor-widget-heading\" data-id=\"94a70bb\" data-element_type=\"widget\" data-e-type=\"widget\" data-widget_type=\"heading.default\">\n\t\t\t\t<div class=\"elementor-widget-container\">\n\t\t\t\t\t<h2 class=\"elementor-heading-title elementor-size-default\">Bedeutende K\u00fcnstler und kulturelle Bedeutung<\/h2>\t\t\t\t<\/div>\n\t\t\t\t<\/div>\n\t\t\t\t<div class=\"elementor-element elementor-element-ff45041 gm-text-col-2 elementor-widget elementor-widget-text-editor\" data-id=\"ff45041\" data-element_type=\"widget\" data-e-type=\"widget\" data-widget_type=\"text-editor.default\">\n\t\t\t\t<div class=\"elementor-widget-container\">\n\t\t\t\t\t\t\t\t\t<p>Zu den ber\u00fchmtesten Silberschmieden der Hopi geh\u00f6rt <a href=\"https:\/\/www.prairiewind.ch\/newone\/produkt\/masawytewa-hopi-overlay-ring-baerentatze\/\">Riley <\/a><a href=\"https:\/\/www.prairiewind.ch\/newone\/produkt\/masawytewa-hopi-overlay-ring-baerentatze\/\">Polyquaptewa<\/a><span style=\"font-weight: 300;\">,<\/span><span style=\"font-weight: inherit; background-color: var(--ast-global-color-5);\">\u00a0der den traditionellen Stil mit modernen Einfl\u00fcssen kombiniert und internationale Anerkennung erlangte. Sein Werk wird in Museen weltweit ausgestellt. Auch <a href=\"https:\/\/www.prairiewind.ch\/newone\/produkt\/antone-honanie-hopi-longhair-kachina-anhanger\/\" data-wpil-monitor-id=\"2207\">zeitgen\u00f6ssische K\u00fcnstler<\/a> wie <\/span>Bennard Dallasvuyama<span style=\"font-weight: inherit; background-color: var(--ast-global-color-5);\">\u00a0<\/span><span style=\"font-weight: inherit; background-color: var(--ast-global-color-5);\">setzen die Tradition fort und entwickeln sie weiter.<\/span> Die Silberschmiedekunst dient nicht nur als Ausdruck kultureller Identit\u00e4t, sondern auch als wirtschaftliches Standbein. Seit 1990 sch\u00fctzt der\u00a0<a href=\"https:\/\/www.doi.gov\/iacb\/act\" target=\"_blank\" rel=\"noopener\">Indian Arts and Crafts Act<\/a>\u00a0die Authentizit\u00e4t solcher Werke und hilft den Hopi-K\u00fcnstlern, gegen F\u00e4lschungen vorzugehen.<\/p>\t\t\t\t\t\t\t\t<\/div>\n\t\t\t\t<\/div>\n\t\t\t\t<section class=\"elementor-section elementor-inner-section elementor-element elementor-element-05c7f6c elementor-section-boxed elementor-section-height-default elementor-section-height-default\" data-id=\"05c7f6c\" data-element_type=\"section\" data-e-type=\"section\">\n\t\t\t\t\t\t<div class=\"elementor-container elementor-column-gap-default\">\n\t\t\t\t\t<div class=\"elementor-column elementor-col-50 elementor-inner-column elementor-element elementor-element-9a27d62\" data-id=\"9a27d62\" data-element_type=\"column\" data-e-type=\"column\">\n\t\t\t<div class=\"elementor-widget-wrap elementor-element-populated\">\n\t\t\t\t\t\t<div class=\"elementor-element elementor-element-cefe02e elementor-widget elementor-widget-image\" data-id=\"cefe02e\" data-element_type=\"widget\" data-e-type=\"widget\" data-widget_type=\"image.default\">\n\t\t\t\t<div class=\"elementor-widget-container\">\n\t\t\t\t\t\t\t\t\t\t\t\t<figure class=\"wp-caption\">\n\t\t\t\t\t\t\t\t\t\t\t<a href=\"https:\/\/www.prairiewind.ch\/newone\/produkt\/masawytewa-hopi-overlay-ring-baerentatze\/\">\n\t\t\t\t\t\t\t<img fetchpriority=\"high\" decoding=\"async\" width=\"300\" height=\"225\" src=\"https:\/\/www.prairiewind.ch\/newone\/wp-content\/uploads\/2023\/03\/20230323_134431570_iOS-scaled-300x225.webp\" class=\"attachment-medium size-medium wp-image-13024\" alt=\"Riley Polyquaptewa (Hopi) \u2013 Overlay Ring mit B\u00e4rentatze\" srcset=\"https:\/\/www.prairiewind.ch\/newone\/wp-content\/uploads\/2023\/03\/20230323_134431570_iOS-scaled-300x225.webp 300w, https:\/\/www.prairiewind.ch\/newone\/wp-content\/uploads\/2023\/03\/20230323_134431570_iOS-scaled-1024x768.webp 1024w, https:\/\/www.prairiewind.ch\/newone\/wp-content\/uploads\/2023\/03\/20230323_134431570_iOS-scaled-768x576.webp 768w, https:\/\/www.prairiewind.ch\/newone\/wp-content\/uploads\/2023\/03\/20230323_134431570_iOS-scaled-1536x1152.webp 1536w, https:\/\/www.prairiewind.ch\/newone\/wp-content\/uploads\/2023\/03\/20230323_134431570_iOS-scaled-200x150.webp 200w, https:\/\/www.prairiewind.ch\/newone\/wp-content\/uploads\/2023\/03\/20230323_134431570_iOS-scaled.webp 1920w, https:\/\/www.prairiewind.ch\/newone\/wp-content\/uploads\/2023\/03\/20230323_134431570_iOS-scaled-188x141.webp 188w, https:\/\/www.prairiewind.ch\/newone\/wp-content\/uploads\/2023\/03\/20230323_134431570_iOS-scaled-251x188.webp 251w\" sizes=\"(max-width: 300px) 100vw, 300px\" title=\"\">\t\t\t\t\t\t\t\t<\/a>\n\t\t\t\t\t\t\t\t\t\t\t<figcaption class=\"widget-image-caption wp-caption-text\">Riley Polyquaptewa<\/figcaption>\n\t\t\t\t\t\t\t\t\t\t<\/figure>\n\t\t\t\t\t\t\t\t\t<\/div>\n\t\t\t\t<\/div>\n\t\t\t\t\t<\/div>\n\t\t<\/div>\n\t\t\t\t<div class=\"elementor-column elementor-col-50 elementor-inner-column elementor-element elementor-element-279ad07\" data-id=\"279ad07\" data-element_type=\"column\" data-e-type=\"column\">\n\t\t\t<div class=\"elementor-widget-wrap elementor-element-populated\">\n\t\t\t\t\t\t<div class=\"elementor-element elementor-element-9e04cc8 elementor-widget elementor-widget-image\" data-id=\"9e04cc8\" data-element_type=\"widget\" data-e-type=\"widget\" data-widget_type=\"image.default\">\n\t\t\t\t<div class=\"elementor-widget-container\">\n\t\t\t\t\t\t\t\t\t\t\t\t<figure class=\"wp-caption\">\n\t\t\t\t\t\t\t\t\t\t\t<a href=\"https:\/\/www.prairiewind.ch\/newone\/produkt\/04a002-bennard-dallasvuyaoma-hopi-ohrhaenger\/\">\n\t\t\t\t\t\t\t<img decoding=\"async\" width=\"300\" height=\"225\" src=\"https:\/\/www.prairiewind.ch\/newone\/wp-content\/uploads\/2020\/11\/20201124_063859023_iOS-scaled-300x225.webp\" class=\"attachment-medium size-medium wp-image-5501\" alt=\"BennardDallasvuyaoma(Hopi)&amp;#;Ohrh\u00e4nger\" srcset=\"https:\/\/www.prairiewind.ch\/newone\/wp-content\/uploads\/2020\/11\/20201124_063859023_iOS-scaled-300x225.webp 300w, https:\/\/www.prairiewind.ch\/newone\/wp-content\/uploads\/2020\/11\/20201124_063859023_iOS-scaled-1024x768.webp 1024w, https:\/\/www.prairiewind.ch\/newone\/wp-content\/uploads\/2020\/11\/20201124_063859023_iOS-scaled-768x576.webp 768w, https:\/\/www.prairiewind.ch\/newone\/wp-content\/uploads\/2020\/11\/20201124_063859023_iOS-scaled-1536x1152.webp 1536w, https:\/\/www.prairiewind.ch\/newone\/wp-content\/uploads\/2020\/11\/20201124_063859023_iOS-scaled-200x150.webp 200w, https:\/\/www.prairiewind.ch\/newone\/wp-content\/uploads\/2020\/11\/20201124_063859023_iOS-scaled.webp 1920w, https:\/\/www.prairiewind.ch\/newone\/wp-content\/uploads\/2020\/11\/20201124_063859023_iOS-scaled-188x141.webp 188w, https:\/\/www.prairiewind.ch\/newone\/wp-content\/uploads\/2020\/11\/20201124_063859023_iOS-scaled-251x188.webp 251w, https:\/\/www.prairiewind.ch\/newone\/wp-content\/uploads\/2020\/11\/20201124_063859023_iOS-scaled-800x600.webp 800w\" sizes=\"(max-width: 300px) 100vw, 300px\" title=\"\">\t\t\t\t\t\t\t\t<\/a>\n\t\t\t\t\t\t\t\t\t\t\t<figcaption class=\"widget-image-caption wp-caption-text\"><a href=\"https:\/\/www.prairiewind.ch\/newone\/produkt\/bennard-dallasvuyoma-mosaic-inlay-haenger\/\" data-wpil-monitor-id=\"2254\">Bennard Dallasvuyaoma<\/a><\/figcaption>\n\t\t\t\t\t\t\t\t\t\t<\/figure>\n\t\t\t\t\t\t\t\t\t<\/div>\n\t\t\t\t<\/div>\n\t\t\t\t\t<\/div>\n\t\t<\/div>\n\t\t\t\t\t<\/div>\n\t\t<\/section>\n\t\t\t\t<div class=\"elementor-element elementor-element-a33de79 elementor-widget elementor-widget-heading\" data-id=\"a33de79\" data-element_type=\"widget\" data-e-type=\"widget\" data-widget_type=\"heading.default\">\n\t\t\t\t<div class=\"elementor-widget-container\">\n\t\t\t\t\t<h2 class=\"elementor-heading-title elementor-size-default\">Der Einfluss auf die moderne Kunstwelt<\/h2>\t\t\t\t<\/div>\n\t\t\t\t<\/div>\n\t\t\t\t<div class=\"elementor-element elementor-element-3c199ac elementor-widget elementor-widget-text-editor\" data-id=\"3c199ac\" data-element_type=\"widget\" data-e-type=\"widget\" data-widget_type=\"text-editor.default\">\n\t\t\t\t<div class=\"elementor-widget-container\">\n\t\t\t\t\t\t\t\t\tDie Silberschmiedearbeiten der Hopi sind weit mehr als Schmuckst\u00fccke \u2013 sie sind Tr\u00e4ger einer Jahrhunderte alten Tradition und <a href=\"https:\/\/www.prairiewind.ch\/newone\/produkt\/121006-gloria-chattin-zuni-cornmaiden-skulptur\/\" data-wpil-monitor-id=\"2258\">zugleich Kunstwerke<\/a>, die Geschichten erz\u00e4hlen. Sie haben nicht nur die indigene Kunst nachhaltig gepr\u00e4gt, sondern auch die Wertsch\u00e4tzung f\u00fcr handgefertigte St\u00fccke in einer industrialisierten Welt neu belebt.\t\t\t\t\t\t\t\t<\/div>\n\t\t\t\t<\/div>\n\t\t\t\t\t<\/div>\n\t\t<\/div>\n\t\t\t\t\t<\/div>\n\t\t<\/section>\n\t\t\t\t<\/div>\n\t\t","protected":false},"excerpt":{"rendered":"<p>prairie wind verkauft den Kunden (nachfolgend &#171;Kunde&#187; genannt) die im Online Store (prairiewind.ch, prairiewind.biz, prairiewind.de, prairie-wind.com) spezifizierten Waren zu den nachstehend aufgef\u00fchrten Liefer- und Verkaufsbedingungen (AGB). Die von prairie wind gespeicherten Daten gelten als Beweis f\u00fcr s\u00e4mtliche zwischen prairie wind und ihren Kunden stattgefundenen Transaktionen.<\/p>\n","protected":false},"author":2,"featured_media":0,"parent":0,"menu_order":0,"comment_status":"closed","ping_status":"closed","template":"elementor_header_footer","meta":{"_uag_custom_page_level_css":"","site-sidebar-layout":"default","site-content-layout":"","ast-site-content-layout":"default","site-content-style":"default","site-sidebar-style":"default","ast-global-header-display":"","ast-banner-title-visibility":"","ast-main-header-display":"","ast-hfb-above-header-display":"","ast-hfb-below-header-display":"","ast-hfb-mobile-header-display":"","site-post-title":"","ast-breadcrumbs-content":"","ast-featured-img":"","footer-sml-layout":"","ast-disable-related-posts":"","theme-transparent-header-meta":"default","adv-header-id-meta":"","stick-header-meta":"","header-above-stick-meta":"","header-main-stick-meta":"","header-below-stick-meta":"","astra-migrate-meta-layouts":"set","ast-page-background-enabled":"default","ast-page-background-meta":{"desktop":{"background-color":"var(--ast-global-color-4)","background-image":"","background-repeat":"repeat","background-position":"center center","background-size":"auto","background-attachment":"scroll","background-type":"","background-media":"","overlay-type":"","overlay-color":"","overlay-opacity":"","overlay-gradient":""},"tablet":{"background-color":"","background-image":"","background-repeat":"repeat","background-position":"center center","background-size":"auto","background-attachment":"scroll","background-type":"","background-media":"","overlay-type":"","overlay-color":"","overlay-opacity":"","overlay-gradient":""},"mobile":{"background-color":"","background-image":"","background-repeat":"repeat","background-position":"center center","background-size":"auto","background-attachment":"scroll","background-type":"","background-media":"","overlay-type":"","overlay-color":"","overlay-opacity":"","overlay-gradient":""}},"ast-content-background-meta":{"desktop":{"background-color":"var(--ast-global-color-5)","background-image":"","background-repeat":"repeat","background-position":"center center","background-size":"auto","background-attachment":"scroll","background-type":"","background-media":"","overlay-type":"","overlay-color":"","overlay-opacity":"","overlay-gradient":""},"tablet":{"background-color":"var(--ast-global-color-5)","background-image":"","background-repeat":"repeat","background-position":"center center","background-size":"auto","background-attachment":"scroll","background-type":"","background-media":"","overlay-type":"","overlay-color":"","overlay-opacity":"","overlay-gradient":""},"mobile":{"background-color":"var(--ast-global-color-5)","background-image":"","background-repeat":"repeat","background-position":"center center","background-size":"auto","background-attachment":"scroll","background-type":"","background-media":"","overlay-type":"","overlay-color":"","overlay-opacity":"","overlay-gradient":""}},"footnotes":""},"class_list":["post-20137","page","type-page","status-publish","hentry"],"uagb_featured_image_src":{"full":false,"thumbnail":false,"medium":false,"medium_large":false,"large":false,"1536x1536":false,"2048x2048":false,"hero-banner":false,"category-thumb":false,"woocommerce_thumbnail":false,"woocommerce_single":false,"woocommerce_gallery_thumbnail":false},"uagb_author_info":{"display_name":"Kurt Weissen","author_link":"https:\/\/www.prairiewind.ch\/newone\/author\/kurt-weissen\/"},"uagb_comment_info":0,"uagb_excerpt":"prairie wind verkauft den Kunden (nachfolgend \"Kunde\" genannt) die im Online Store (prairiewind.ch, prairiewind.biz, prairiewind.de, prairie-wind.com) spezifizierten Waren zu den nachstehend aufgef\u00fchrten Liefer- und Verkaufsbedingungen (AGB). Die von prairie wind gespeicherten Daten gelten als Beweis f\u00fcr s\u00e4mtliche zwischen prairie wind und ihren Kunden stattgefundenen Transaktionen.","_links":{"self":[{"href":"https:\/\/www.prairiewind.ch\/newone\/wp-json\/wp\/v2\/pages\/20137","targetHints":{"allow":["GET"]}}],"collection":[{"href":"https:\/\/www.prairiewind.ch\/newone\/wp-json\/wp\/v2\/pages"}],"about":[{"href":"https:\/\/www.prairiewind.ch\/newone\/wp-json\/wp\/v2\/types\/page"}],"author":[{"embeddable":true,"href":"https:\/\/www.prairiewind.ch\/newone\/wp-json\/wp\/v2\/users\/2"}],"replies":[{"embeddable":true,"href":"https:\/\/www.prairiewind.ch\/newone\/wp-json\/wp\/v2\/comments?post=20137"}],"version-history":[{"count":2,"href":"https:\/\/www.prairiewind.ch\/newone\/wp-json\/wp\/v2\/pages\/20137\/revisions"}],"predecessor-version":[{"id":112114,"href":"https:\/\/www.prairiewind.ch\/newone\/wp-json\/wp\/v2\/pages\/20137\/revisions\/112114"}],"wp:attachment":[{"href":"https:\/\/www.prairiewind.ch\/newone\/wp-json\/wp\/v2\/media?parent=20137"}],"curies":[{"name":"wp","href":"https:\/\/api.w.org\/{rel}","templated":true}]}}